{"id":2420,"date":"2024-02-20T10:47:19","date_gmt":"2024-02-20T10:47:19","guid":{"rendered":"https:\/\/pedrocasiano.es\/?page_id=2420"},"modified":"2024-03-30T17:12:27","modified_gmt":"2024-03-30T17:12:27","slug":"dejados-de-la-mano-de-dios","status":"publish","type":"page","link":"https:\/\/pedrocasiano.es\/?page_id=2420","title":{"rendered":"Dejados de la Mano de Dios"},"content":{"rendered":"\n<figure class=\"wp-block-image alignleft is-resized\"><img decoding=\"async\" width=\"1024\" height=\"850\" data-src=\"https:\/\/pedrocasiano.es\/wp-content\/uploads\/2024\/02\/image-129-1024x850.jpeg\" alt=\"No hay ninguna descripci\u00f3n de la foto disponible.\" class=\"wp-image-2421 lazyload\" style=\"--smush-placeholder-width: 1024px; --smush-placeholder-aspect-ratio: 1024\/850;width:424px;height:auto\" src=\"data:image\/svg+xml;base64,PHN2ZyB3aWR0aD0iMSIgaGVpZ2h0PSIxIiB4bWxucz0iaHR0cDovL3d3dy53My5vcmcvMjAwMC9zdmciPjwvc3ZnPg==\" \/><\/figure>\n\n\n\n<p>Jacinto nunca hab\u00eda sido muy listo, durante toda su vida hab\u00eda trabajado para otros, lo hab\u00edan explotado, humillado y menospreciado, pero \u00e9l siempre hab\u00eda hecho lo que le hab\u00edan mandado de la mejor forma que pod\u00eda hacerlo, tampoco es que tuviera muchas luces, su sueldo lo hab\u00eda reflejado a la baja siempre.<\/p>\n\n\n\n<p>Ahora en el paro, acabada cualquier tipo de ayuda, harto de mandar curr\u00edculos, que hab\u00eda perdido la cuenta, se plante\u00f3 que las cosas no estaban como ten\u00edan que ser, as\u00ed que pens\u00f3 y pens\u00f3, hasta que casi la cabeza le estallaba.<\/p>\n\n\n\n<p>Hab\u00eda le\u00eddo, de un libro, que los libros los escriben personas muy inteligentes, que la soluci\u00f3n era votar a aquellos que pod\u00edan darle una soluci\u00f3n a los problemas de la sociedad, as\u00ed que ni corto ni perezoso, que nunca lo hab\u00eda sido, decidi\u00f3 que ten\u00eda que cambiar las cosas por el camino que ese se\u00f1or tan inteligente, hab\u00eda escrito todo el libro, dec\u00eda que deb\u00edan de hacerse, votando inteligentemente a un partido que se adecuara (lo hab\u00eda buscado en el diccionario), a la concepci\u00f3n (m\u00e1s diccionario) que \u00e9l ten\u00eda de la sociedad.<\/p>\n\n\n\n<p>Y Jacinto pens\u00f3, que haya trabajo, que nadie robe, que todos seamos iguales, que a nadie le falte un plato de comida, que todo el mundo tenga un sitio donde cobijarse de los elementos, que nadie se aproveche de nadie, en fin que todo fuera a mejor, porque el pertenec\u00eda a un grupo de personas que formaban un pa\u00eds, y ese grupo, har\u00eda lo posible y lo imposible porque las cosas fueran mejor para todos los que lo compon\u00edan. (Algunas veces el mismo se sorprend\u00eda de lo que pensaba, solo le hab\u00eda costado dos semanas, pero le hab\u00eda quedado bien).<\/p>\n\n\n\n<p>M\u00e1s que decidido anduvo lo que le quedaba hasta la sede del partido A, mir\u00f3 la entrada, el color azul le gusto, parec\u00eda el mar, le dio sensaci\u00f3n de tranquilidad, se sinti\u00f3 esperanzado sin saber porque. Cuando entr\u00f3 vio que todo estaba lleno de personas en actitud sonriente, abrazando ni\u00f1os, rodeados de multitudes, \u201ceste me parece que va a ser el partido al que vote\u201d, pens\u00f3 en su candidez.<\/p>\n\n\n\n<p>-Buenos d\u00edas estimado, m\u00e1s que estimado, querido votante, un se\u00f1or con chaqueta y pelo engominado, le tend\u00eda la mano.<\/p>\n\n\n\n<p>Jacinto sorprendido de tan calurosa acogida estrech\u00f3 la mano, el coraz\u00f3n se le hinchi\u00f3 de gozo.<\/p>\n\n\n\n<p>-Muy buenas Se\u00f1or con chaqueta, dijo Jacinto, que al ver la vestimenta del hombre se sinti\u00f3 m\u00e1s tranquilo, quer\u00eda hacerle unas preguntas acerca de su partido.<\/p>\n\n\n\n<p>-No hay problema, Se\u00f1or le dijo el engominado, \u00bfcu\u00e1l es su nombre, estimado y posible votante?.<\/p>\n\n\n\n<p>-Jacinto, dijo casi con verg\u00fcenza.<\/p>\n\n\n\n<p>-Vengan esas preguntas, nuestro partido va con la verdad por delante.<\/p>\n\n\n\n<p>-\u00bfVan a dar empleo?<\/p>\n\n\n\n<p>-Ni lo dude, de chorrocientos parados que existen en nuestro pa\u00eds, vamos a quitar la mitad.<\/p>\n\n\n\n<p>-\u00bfPero c\u00f3mo?<\/p>\n\n\n\n<p>-Pol\u00edticas de crecimiento, ayudas fiscales, subvenciones, un paquete de medidas inconmensurable. El tipo abri\u00f3 las manos henchido de satisfacci\u00f3n.<\/p>\n\n\n\n<p>-\u00bfY de donde saldr\u00e1 el dinero para todo eso?, volvi\u00f3 a preguntar Jacinto.<\/p>\n\n\n\n<p>-Por supuesto de los impuestos, querido amigo.<\/p>\n\n\n\n<p>-\u00bfPero su partido no est\u00e1 acusado de desviar el dinero de los impuestos para uso propio?<\/p>\n\n\n\n<p>-Un par de casos, amigo, los Tribunales que la han tomado con nosotros, no lo dude.<\/p>\n\n\n\n<p>-\u00bfQue piensan hacer con la vivienda?, no todo el mundo la tiene.<\/p>\n\n\n\n<p>-Esa es una de las aspiraciones que con m\u00e1s fuerza persigue el partido.<\/p>\n\n\n\n<p>-Entonces los desahucios, \u00bfqu\u00e9 pasa con ellos?<\/p>\n\n\n\n<p>-Ah\u2026 los desahucios, usted comprender\u00e1, el Banco invierte dinero, y tiene que recuperarlo, as\u00ed que recobra la casa.<\/p>\n\n\n\n<p>-Pero, \u00bfsi esa familia ha pasado un mal trance, no es mejor que pague menos hipoteca, y que cuando este mejor termine de pagarla?<\/p>\n\n\n\n<p>-Si fuera tan f\u00e1cil, pero comprender\u00e1, la econom\u00eda no puede funcionar sin bancos, si los bancos caen todo se paraliza.<\/p>\n\n\n\n<p>-Entonces, si ayudan a los Bancos, cada vez habr\u00e1 m\u00e1s personas en la calle, sin casa, abandonadas, a las cuales tendr\u00e1 que ayudar el estado, al que si le quitamos lo que se llevan ustedes para usos particulares, no tiene dinero para nada, \u00bfes correcto lo que digo?<\/p>\n\n\n\n<p>-Estimado Jacinto no comprende las complejidades de la vida econ\u00f3mica, las mentes m\u00e1s brillantes dan su luz en nuestro partido. \u00bfSe va a afiliar al partido?, pregunt\u00f3 ansiosamente el hombre del pelo engominado.<\/p>\n\n\n\n<p>-Seguramente pens\u00f3 Jacinto, se despidi\u00f3 y sali\u00f3 de la sede del partido A.<\/p>\n\n\n\n<p>Camin\u00f3 durante un rato, le dol\u00eda la cabeza, pero ten\u00eda que terminar lo que hab\u00eda comenzado, as\u00ed que se dirigi\u00f3 a la sede del Partido B, cuando lleg\u00f3 vio que el color predom\u00ednate era un rojo s\u00f3lido, se asust\u00f3 un poco, le record\u00f3 a la sangre, \u00e9l no era persona belicosa.<\/p>\n\n\n\n<p>Entr\u00f3 en las oficinas del partido, all\u00ed carteles de hombres con el pu\u00f1o en alto que amenazaban a cualquiera que levantara la vista hacia \u00e9l, grupos de personas marchando con belicosas formas a cualquiera que los mirara, Jacinto se sinti\u00f3 acojonado.<\/p>\n\n\n\n<p>-Buenos d\u00edas Camarada \u00bfen qu\u00e9 puedo ayudarlo?, eso lo dec\u00eda un joven muchacho rubio y con ojos claros que luc\u00eda una camiseta en la que se pod\u00eda leer \u201cTodos somos negros\u201d.<\/p>\n\n\n\n<p>-Perd\u00f3neme si le ofendo, caballero, pero me gustar\u00eda hacerle unas preguntas sobre su partido, sin \u00e1nimo de ofender, dijo Jacinto sin levantar la cabeza, estaba asustado, muy asustado.<\/p>\n\n\n\n<p>-Dispare Camarada, dijo sonriendo el chico.<\/p>\n\n\n\n<p>Jacinto esperaba que fuera una broma aunque no las ten\u00eda todas consigo, pero le ech\u00f3 bemoles.<\/p>\n\n\n\n<p>-\u00bfQu\u00e9 piensa hacer su partido con el paro?<\/p>\n\n\n\n<p>-Estatalizar todas las empresas, todo el mundo trabajar\u00e1, un reparto equitativo de los sueldos, todo el mundo cobrar\u00e1 un salario igual.<\/p>\n\n\n\n<p>Al principio a Jacinto le son\u00f3 genial, pero su cabeza, a pesar de lo pesada que era le solt\u00f3 un interrogante, mejor dicho, dos.<\/p>\n\n\n\n<p>-Entonces, \u00bfsi yo trabajo m\u00e1s que otro va a cobrar lo mismo?<\/p>\n\n\n\n<p>-Aqu\u00ed no se establecen diferencias, somos camaradas, no se le olvide nunca.<\/p>\n\n\n\n<p>-\u00bfY cu\u00e1l ser\u00e1 ese sueldo?<\/p>\n\n\n\n<p>-M\u00ednimo camarada, habr\u00e1 que repartir lo que hay entre todos, pero eso ser\u00e1 solo durante un periodo de cien a\u00f1os, arriba o abajo algunos, es lo que nos ense\u00f1\u00f3 Lenin, dijo.<\/p>\n\n\n\n<p>Jacinto pens\u00f3 que ten\u00eda treinta y dos, le quedaba hambre que pasar y el para\u00edso se quedar\u00eda sin conocer, a pesar de ello continu\u00f3.<\/p>\n\n\n\n<p>-\u00bfY la vivienda, los desahucios?<\/p>\n\n\n\n<p>-Los pararemos todos, nadie ser\u00e1 echado de su casa y todos tendr\u00e1n un lugar donde vivir.<\/p>\n\n\n\n<p>-Pero \u00bfc\u00f3mo ser\u00e1 posible eso?<\/p>\n\n\n\n<p>-Primero las viviendas desocupadas, despu\u00e9s las segundas viviendas, m\u00e1s tarde los pisos m\u00e1s grandes acoger\u00e1n familias enteras, al final la felicidad, la equidad entre todos los seres humanos.<\/p>\n\n\n\n<p>Jacinto pens\u00f3 en su casa, la hab\u00eda heredado de su abuelo que la construy\u00f3 con mucho esfuerzo, era grande y se vio viviendo con cuatro familias y pidiendo hora para ir al cuarto de ba\u00f1o, se cag\u00f3, porque \u00e9l ten\u00eda el punto flojo, y se vio literalmente cagado.<\/p>\n\n\n\n<p>-\u00bfY los inmigrantes?<\/p>\n\n\n\n<p>-Acogeremos a todos, millones vendr\u00e1n a nuestro para\u00edso, seremos una hermandad de todos los colores.<\/p>\n\n\n\n<p>-\u00bfY qui\u00e9n pagar\u00e1 eso?, pregunt\u00f3 Jacinto, que le sali\u00f3 directamente del est\u00f3mago, casi arrepentido de haberla hecho.<\/p>\n\n\n\n<p>-Repartiremos lo que haya, es una lucha social, si hay que pasar hambre decenios la pasaremos, pero el futuro se presenta brillante, aunque lejano, tambi\u00e9n es cierto.<\/p>\n\n\n\n<p>-\u00bfY las instituciones?<\/p>\n\n\n\n<p>-Arder\u00e1n por los cuatro costados, se crear\u00e1 un orden nuevo, como el ave f\u00e9nix, una sociedad igualitaria surgir\u00e1 de sus cenizas, el viejo orden morir\u00e1, y el chico gritaba casi, Jacinto sinti\u00f3 el miedo en el cuerpo.<\/p>\n\n\n\n<p>-Gracias Se\u00f1or, le dijo.<\/p>\n\n\n\n<p>-\u00bfSe va a afiliar al partido?<\/p>\n\n\n\n<p>-Creo que s\u00ed, lo pensar\u00e9, gracias por todo.<\/p>\n\n\n\n<p>Jacinto se levant\u00f3 y sali\u00f3 del local, camin\u00f3 unos minutos, y le dio Gracias a Dios por no saber manejar una arma, por ser tan est\u00fapido como para no poder crear una potente bomba, porque si pudiera\u2026<\/p>\n\n\n\n<p>\u00a9Pedro Casiano Gonz\u00e1lez Cuevas 2.018<\/p>\n","protected":false},"excerpt":{"rendered":"<p>Jacinto nunca hab\u00eda sido muy listo, durante toda su vida hab\u00eda trabajado para otros, lo hab\u00edan explotado, humillado y menospreciado, pero \u00e9l siempre hab\u00eda hecho lo que le hab\u00edan mandado de la mejor forma que pod\u00eda hacerlo, tampoco es que tuviera muchas luces, su sueldo lo hab\u00eda reflejado a la baja siempre. Ahora en el &hellip; <\/p>\n<p class=\"link-more\"><a href=\"https:\/\/pedrocasiano.es\/?page_id=2420\" class=\"more-link\">Leer m\u00e1s<span class=\"screen-reader-text\"> \u00abDejados de la Mano de Dios\u00bb<\/span><\/a><\/p>\n","protected":false},"author":1,"featured_media":0,"parent":0,"menu_order":0,"comment_status":"closed","ping_status":"closed","template":"","meta":{"inspiro_hide_title":false,"footnotes":""},"class_list":["post-2420","page","type-page","status-publish","hentry"],"featured_media_urls":[],"_links":{"self":[{"href":"https:\/\/pedrocasiano.es\/index.php?rest_route=\/wp\/v2\/pages\/2420","targetHints":{"allow":["GET"]}}],"collection":[{"href":"https:\/\/pedrocasiano.es\/index.php?rest_route=\/wp\/v2\/pages"}],"about":[{"href":"https:\/\/pedrocasiano.es\/index.php?rest_route=\/wp\/v2\/types\/page"}],"author":[{"embeddable":true,"href":"https:\/\/pedrocasiano.es\/index.php?rest_route=\/wp\/v2\/users\/1"}],"replies":[{"embeddable":true,"href":"https:\/\/pedrocasiano.es\/index.php?rest_route=%2Fwp%2Fv2%2Fcomments&post=2420"}],"version-history":[{"count":2,"href":"https:\/\/pedrocasiano.es\/index.php?rest_route=\/wp\/v2\/pages\/2420\/revisions"}],"predecessor-version":[{"id":6313,"href":"https:\/\/pedrocasiano.es\/index.php?rest_route=\/wp\/v2\/pages\/2420\/revisions\/6313"}],"wp:attachment":[{"href":"https:\/\/pedrocasiano.es\/index.php?rest_route=%2Fwp%2Fv2%2Fmedia&parent=2420"}],"curies":[{"name":"wp","href":"https:\/\/api.w.org\/{rel}","templated":true}]}}