{"id":2410,"date":"2024-02-20T10:42:17","date_gmt":"2024-02-20T10:42:17","guid":{"rendered":"https:\/\/pedrocasiano.es\/?page_id=2410"},"modified":"2024-02-29T17:23:02","modified_gmt":"2024-02-29T17:23:02","slug":"bien-entrenado-una-vision-desde-el-otro-lado","status":"publish","type":"page","link":"https:\/\/pedrocasiano.es\/?page_id=2410","title":{"rendered":"Bien Entrenado (Una visi\u00f3n desde el otro lado)"},"content":{"rendered":"\n<figure class=\"wp-block-image alignleft size-large is-resized\"><img decoding=\"async\" width=\"1024\" height=\"810\" data-src=\"https:\/\/pedrocasiano.es\/wp-content\/uploads\/2024\/02\/28336707_1712837485441583_8451822305891024478_o-1024x810.jpg\" alt=\"\" class=\"wp-image-4614 lazyload\" style=\"--smush-placeholder-width: 1024px; --smush-placeholder-aspect-ratio: 1024\/810;width:479px;height:auto\" src=\"data:image\/svg+xml;base64,PHN2ZyB3aWR0aD0iMSIgaGVpZ2h0PSIxIiB4bWxucz0iaHR0cDovL3d3dy53My5vcmcvMjAwMC9zdmciPjwvc3ZnPg==\" \/><\/figure>\n\n\n\n<p>Bien Entrenado (Una visi\u00f3n desde el otro lado)<\/p>\n\n\n\n<p>Se acomod\u00f3 los correajes, siempre le apretaban, sinti\u00f3 como el chaleco le apretaba en el cuello, cada vez lo hac\u00eda <a><\/a>un poco m\u00e1s, ser\u00eda que estaba viejo, ahora las botas, bien atadas, le quedaba trabajo y no quer\u00eda terminar descalzo, todo estar\u00eda lleno de cristales.<\/p>\n\n\n\n<p>Se mir\u00f3 en el espejo, se dio miedo, pero m\u00e1s miedo ten\u00eda \u00e9l, le esperaba algo gordo, no hac\u00edan que te pusieras la antidisturbios por gusto, no sab\u00eda a donde ir\u00eda, qu\u00e9 pasar\u00eda, pero eran muchos a\u00f1os ya, siempre hab\u00eda tenido una sensaci\u00f3n de sequedad en la boca, ahora pod\u00eda ser lo suficiente sincero como para decirse que esa sensaci\u00f3n era miedo.<\/p>\n\n\n\n<p>Se ajust\u00f3, lo que ya estaba bien ajustado, y sali\u00f3 a paso ligero, la formaci\u00f3n en el patio, una pl\u00e9yade de uniformes negros, de hombres como \u00e9l, que posiblemente estaban tan nerviosos como \u00e9l, el que no lo estuviera, o estaba loco o era joven y est\u00fapido, \u00e9l ya hab\u00eda pasado esa etapa, y a\u00fan estaba vivo, nervioso pero vivo.<\/p>\n\n\n\n<p>Volvi\u00f3 a tragar saliva, pens\u00f3 que el chaleco estaba demasiado ajustado, pero sab\u00eda que no, que no era eso, era la espera, la incertidumbre.<\/p>\n\n\n\n<p>Formaci\u00f3n, ordenes, lo mil veces visto y o\u00eddo, las advertencias, la forma de actuar, los grupos, las posiciones, las precauciones, mil veces visto y o\u00eddo, hoy parecen nuevas, pero no cambia, el que ha cambiado es \u00e9l.<\/p>\n\n\n\n<p>Antes lo enfebrec\u00edan las ganas de hacer frente al problema, ahora solo se acordaba de su mujer y de sus dos hijas, \u00bfQu\u00e9 ser\u00eda de ellas si le pasaba algo?, volvi\u00f3 a sentir la sequedad en la garganta, la que no pasaba por miles de litros que bebiera, pero a pesar de todo, como siempre hab\u00eda hecho, no fallar\u00eda, no por el cuerpo, ni por el salario, ni por el ascenso mil veces negado, solo hab\u00eda una cosa que lo hacia salir el primero, en ponerse en riesgo, y eso era solamente una cosa, los compa\u00f1eros, esos que tienes al lado.<\/p>\n\n\n\n<p>La furgoneta, hacinados, movi\u00e9ndose de un lado a otro, al tiempo olor a aliento ajeno, al que se lava poco, al que suda mucho, que lo suyo es la garganta, en otros el sudor del miedo, \u201cya falta menos\u201d, piensa y las manos dentro de los enormes guantes le sudan, parece que se le van a salir, a pesar de que sabe que no lo har\u00e1n, se tira por en\u00e9sima vez del chaleco, que la funci\u00f3n m\u00e1s certera que tiene no es parar las balas, es solo ser inc\u00f3modo, una carga m\u00e1s.<\/p>\n\n\n\n<p>\u00bfY la pistola?, antes te tienen que matar que sacarla, se va todo como si hubiera sido un sue\u00f1o, no est\u00e1 en la pistolera, esta tan lejos de su alcance como si estuviera a miles de kil\u00f3metros.<\/p>\n\n\n\n<p>Y recuerda el motivo, no era la vocaci\u00f3n, eran los miles de curr\u00edculos que hab\u00eda soltado por toda la ciudad, al final grande y deportista, un sueldo fijo, y seguridad, la que no hab\u00eda tenido en su vida, los compa\u00f1eros, al principio mal, despu\u00e9s con el tiempo, casi todos buenos, que siempre hab\u00eda alguno de la leche de la hiena, pero, eran eso, pocos.<\/p>\n\n\n\n<p>Pitido, r\u00e1pido a formar, cascos, escudos, y como los romanos, cerca unos de otros, y la marea que viene como si no les importara nada, \u00bfQu\u00e9 espera que hagan? \u00bfDejarlos pasar?, \u00bfdesobedecer una orden?, ellos no saben de qu\u00e9 se trata, posiblemente tengan raz\u00f3n, ni lo sabe ni le importa.<\/p>\n\n\n\n<p>La muralla se forma, pero la marea no se detiene, piedras, botellas, de todo lo que se puede arrancar, mover, y al final lanzar contra ellos, por suerte los escudos son duros y solo siente el movimiento que le produce el impacto, lo dem\u00e1s, se da por supuesto.<\/p>\n\n\n\n<p>Otro paso m\u00e1s de la marea, parece que viene a c\u00e1mara lenta, pero no es as\u00ed, antes de que pueda volver a pensar ya est\u00e1n sobre ellos, y aguantan los primeros embates, \u00a1pero son tantos!, el escudo se mueve al comp\u00e1s de los empujones, se separan, lo peor que pueda pasar, y la adrenalina le corre por la venas, pero se contiene, est\u00e1 entrenado, sabe lo que hace, es un profesional, y aguanta.<\/p>\n\n\n\n<p>Pero entre varios, le quitan el escudo, le golpean en el casco y duele, ahora la porra, no quiere golpear, pero le dan de nuevo en la cabeza, ya est\u00e1 cansado, quiere regresar con su familia, y la adrenalina vence, golpea como un lobo herido, solo quiere que se vayan, que lo dejen en paz, y vuelve a golpear, una y otra vez, pero parece que no les importan los golpes, a \u00e9l s\u00ed, ya le duele todo, est\u00e1 cansado, y golpea para hacer da\u00f1o, solo desea que lo dejen en paz, un compa\u00f1ero cae, lo acorralan y lo golpean en el suelo, es el bueno de Antonio, grande como un carro, pero bueno como un pedazo der pan, no ha empleado la fuerza que tiene, si no estar\u00eda rodeado de manifestantes ca\u00eddos, pero cede y se deja golpear, se acerca, piensa en la mujer y los hijos del compa\u00f1ero, en los suyos, est\u00e1n solos, los dem\u00e1s solo quieren su cabeza, y golpea, pero no ceden, maldita sea, qu\u00e9 quieren matarnos.<\/p>\n\n\n\n<p>Como vinieron se fueron, profiriendo toda clase de insultos, pero Antonio est\u00e1 quieto, no se mueve, le quita el casco, se olvida de todas las precauciones, la sangre brota de la boca de su compa\u00f1ero. \u201cEst\u00e1 jodido\u201d piensa, lo sabe, lo ha visto, llegan los sanitarios, la camilla, \u00bfc\u00f3mo acabar\u00e1?, se pregunta, y en su mente solo silencio, la mano de la porra le tiembla, y solo se hace una pregunta \u00bfPor qu\u00e9?, y no hay respuesta, solo piensa en que hoy regresar\u00e1 a casa con su mujer y sus hijas.<\/p>\n","protected":false},"excerpt":{"rendered":"<p>Bien Entrenado (Una visi\u00f3n desde el otro lado) Se acomod\u00f3 los correajes, siempre le apretaban, sinti\u00f3 como el chaleco le apretaba en el cuello, cada vez lo hac\u00eda un poco m\u00e1s, ser\u00eda que estaba viejo, ahora las botas, bien atadas, le quedaba trabajo y no quer\u00eda terminar descalzo, todo estar\u00eda lleno de cristales. Se mir\u00f3 &hellip; <\/p>\n<p class=\"link-more\"><a href=\"https:\/\/pedrocasiano.es\/?page_id=2410\" class=\"more-link\">Leer m\u00e1s<span class=\"screen-reader-text\"> \u00abBien Entrenado (Una visi\u00f3n desde el otro lado)\u00bb<\/span><\/a><\/p>\n","protected":false},"author":1,"featured_media":0,"parent":0,"menu_order":0,"comment_status":"closed","ping_status":"closed","template":"","meta":{"inspiro_hide_title":false,"footnotes":""},"class_list":["post-2410","page","type-page","status-publish","hentry"],"featured_media_urls":[],"_links":{"self":[{"href":"https:\/\/pedrocasiano.es\/index.php?rest_route=\/wp\/v2\/pages\/2410","targetHints":{"allow":["GET"]}}],"collection":[{"href":"https:\/\/pedrocasiano.es\/index.php?rest_route=\/wp\/v2\/pages"}],"about":[{"href":"https:\/\/pedrocasiano.es\/index.php?rest_route=\/wp\/v2\/types\/page"}],"author":[{"embeddable":true,"href":"https:\/\/pedrocasiano.es\/index.php?rest_route=\/wp\/v2\/users\/1"}],"replies":[{"embeddable":true,"href":"https:\/\/pedrocasiano.es\/index.php?rest_route=%2Fwp%2Fv2%2Fcomments&post=2410"}],"version-history":[{"count":3,"href":"https:\/\/pedrocasiano.es\/index.php?rest_route=\/wp\/v2\/pages\/2410\/revisions"}],"predecessor-version":[{"id":5386,"href":"https:\/\/pedrocasiano.es\/index.php?rest_route=\/wp\/v2\/pages\/2410\/revisions\/5386"}],"wp:attachment":[{"href":"https:\/\/pedrocasiano.es\/index.php?rest_route=%2Fwp%2Fv2%2Fmedia&parent=2410"}],"curies":[{"name":"wp","href":"https:\/\/api.w.org\/{rel}","templated":true}]}}