{"id":2392,"date":"2024-02-20T10:27:21","date_gmt":"2024-02-20T10:27:21","guid":{"rendered":"https:\/\/pedrocasiano.es\/?page_id=2392"},"modified":"2024-02-20T10:27:21","modified_gmt":"2024-02-20T10:27:21","slug":"la-plaza-de-la-almagra","status":"publish","type":"page","link":"https:\/\/pedrocasiano.es\/?page_id=2392","title":{"rendered":"La Plaza de la Almagra"},"content":{"rendered":"\n<div class=\"wp-block-media-text is-stacked-on-mobile is-vertically-aligned-top\" style=\"grid-template-columns:24% auto\"><figure class=\"wp-block-media-text__media\"><img decoding=\"async\" width=\"680\" height=\"1024\" data-src=\"https:\/\/pedrocasiano.es\/wp-content\/uploads\/2024\/02\/image-120.jpeg\" alt=\"No hay ninguna descripci\u00f3n de la foto disponible.\" class=\"wp-image-2393 size-full lazyload\" src=\"data:image\/svg+xml;base64,PHN2ZyB3aWR0aD0iMSIgaGVpZ2h0PSIxIiB4bWxucz0iaHR0cDovL3d3dy53My5vcmcvMjAwMC9zdmciPjwvc3ZnPg==\" style=\"--smush-placeholder-width: 680px; --smush-placeholder-aspect-ratio: 680\/1024;\" \/><\/figure><div class=\"wp-block-media-text__content\">\n<p>La Plaza de la Almagra. Historia en la Foto.<\/p>\n\n\n\n<p>A 100 metros de la la Corredera, recoleta plaza cordobesa situada en la confluencia de <a><\/a>las calles Guti\u00e9rrez de los R\u00edos, Escultor Juan de Mesa y Carlos Rubio. Tambi\u00e9n se comunica con la plaza del Socorro.<\/p>\n\n\n\n<p>De su nombre hay quien dice que casi todas sus fachadas estuvieron embadurnadas con aquella pintura; quien que la vend\u00edan en aquel punto, y quien, por \u00faltimo, que era por la que gastaban los caldereros en los efectos de su oficio; pero nada de esto satisface nuestra curiosidad.<\/p>\n\n\n\n<p>El almagre o almagra \u2014t\u00e9rmino usado desde 1278, del \u00e1rabe hisp\u00e1nico alm\u00e1\u1e21ra, y este del \u00e1rabe cl\u00e1sico ma\u1e21[a]rah, \u2018tierra roja\u2019\u2014 es un pigmento empleado en pintura art\u00edstica, en alfarer\u00eda y como una de las t\u00e9cnicas de decoraci\u00f3n crom\u00e1tica m\u00e1s antiguas. Por extensi\u00f3n, el t\u00e9rmino \u00abalmagre\u00bb da nombre al color producido por dicho pigmento. Al almagre tambi\u00e9n se le ha llamado alm\u00e1nguena, almazarr\u00f3n, ocre rojo, hematites roja e incluso l\u00e1piz rojo, ya que antiguamente se lo usaba para hacer marcas y se\u00f1ales, como si de un l\u00e1piz de carpintero se tratase.<\/p>\n\n\n\n<p>El almagre es una variedad de ocre rojo, distingui\u00e9ndose de otros ocres rojos en que es enteramente natural. De manera artificial puede obtenerse ocre rojo mediante la calcinaci\u00f3n de ocres amarillos, por ejemplo<\/p>\n<\/div><\/div>\n","protected":false},"excerpt":{"rendered":"<p>La Plaza de la Almagra. Historia en la Foto. A 100 metros de la la Corredera, recoleta plaza cordobesa situada en la confluencia de las calles Guti\u00e9rrez de los R\u00edos, Escultor Juan de Mesa y Carlos Rubio. Tambi\u00e9n se comunica con la plaza del Socorro. De su nombre hay quien dice que casi todas sus &hellip; <\/p>\n<p class=\"link-more\"><a href=\"https:\/\/pedrocasiano.es\/?page_id=2392\" class=\"more-link\">Leer m\u00e1s<span class=\"screen-reader-text\"> \u00abLa Plaza de la Almagra\u00bb<\/span><\/a><\/p>\n","protected":false},"author":1,"featured_media":0,"parent":0,"menu_order":0,"comment_status":"closed","ping_status":"closed","template":"","meta":{"inspiro_hide_title":false,"footnotes":""},"class_list":["post-2392","page","type-page","status-publish","hentry"],"featured_media_urls":[],"_links":{"self":[{"href":"https:\/\/pedrocasiano.es\/index.php?rest_route=\/wp\/v2\/pages\/2392","targetHints":{"allow":["GET"]}}],"collection":[{"href":"https:\/\/pedrocasiano.es\/index.php?rest_route=\/wp\/v2\/pages"}],"about":[{"href":"https:\/\/pedrocasiano.es\/index.php?rest_route=\/wp\/v2\/types\/page"}],"author":[{"embeddable":true,"href":"https:\/\/pedrocasiano.es\/index.php?rest_route=\/wp\/v2\/users\/1"}],"replies":[{"embeddable":true,"href":"https:\/\/pedrocasiano.es\/index.php?rest_route=%2Fwp%2Fv2%2Fcomments&post=2392"}],"version-history":[{"count":1,"href":"https:\/\/pedrocasiano.es\/index.php?rest_route=\/wp\/v2\/pages\/2392\/revisions"}],"predecessor-version":[{"id":2394,"href":"https:\/\/pedrocasiano.es\/index.php?rest_route=\/wp\/v2\/pages\/2392\/revisions\/2394"}],"wp:attachment":[{"href":"https:\/\/pedrocasiano.es\/index.php?rest_route=%2Fwp%2Fv2%2Fmedia&parent=2392"}],"curies":[{"name":"wp","href":"https:\/\/api.w.org\/{rel}","templated":true}]}}