{"id":2389,"date":"2024-02-20T10:25:42","date_gmt":"2024-02-20T10:25:42","guid":{"rendered":"https:\/\/pedrocasiano.es\/?page_id=2389"},"modified":"2024-02-20T10:25:42","modified_gmt":"2024-02-20T10:25:42","slug":"matanza-de-judios-y-conversos","status":"publish","type":"page","link":"https:\/\/pedrocasiano.es\/?page_id=2389","title":{"rendered":"Matanza de Jud\u00edos y Conversos."},"content":{"rendered":"\n<div class=\"wp-block-media-text is-stacked-on-mobile is-vertically-aligned-top\" style=\"grid-template-columns:26% auto\"><figure class=\"wp-block-media-text__media\"><img decoding=\"async\" width=\"680\" height=\"1024\" data-src=\"https:\/\/pedrocasiano.es\/wp-content\/uploads\/2024\/02\/image-119.jpeg\" alt=\"No hay ninguna descripci\u00f3n de la foto disponible.\" class=\"wp-image-2390 size-full lazyload\" src=\"data:image\/svg+xml;base64,PHN2ZyB3aWR0aD0iMSIgaGVpZ2h0PSIxIiB4bWxucz0iaHR0cDovL3d3dy53My5vcmcvMjAwMC9zdmciPjwvc3ZnPg==\" style=\"--smush-placeholder-width: 680px; --smush-placeholder-aspect-ratio: 680\/1024;\" \/><\/figure><div class=\"wp-block-media-text__content\">\n<p>Corr\u00eda el a\u00f1o 1473. Las hermandades y cofrad\u00edas se preparaban a celebrar con gran pompa las procesiones de <a><\/a>Semana Santa, y la de la Caridad dedic\u00f3 una a la Virgen, cuya imagen atavi\u00f3 con cuantas joyas y alhajas pudieron reunir los cofrades. Alfombr\u00f3se la carrera con yerbas arom\u00e1ticas, las fachadas de las casas principales luc\u00edan lujosos tapices, y las dem\u00e1s ten\u00edan diversidad de colchas y cortinas en sus puertas, ventanas y ajimeces.<\/p>\n\n\n\n<p>Lleg\u00f3 la tarde del d\u00eda 17 de abril, Jueves Santo, y seg\u00fan otros, del 14, segundo domingo de Cuaresma. Los cofrades de la Caridad, en gran n\u00famero, acompa\u00f1ados del convite, donde figuraban los dos cabildos, las comunidades de todos los conventos y cuanto notable encerraba C\u00f3rdoba, formaron la procesi\u00f3n en dos filas y con profusi\u00f3n de hachas encendidas. Tranquilamente y por entre la muchedumbre que inundaba las calles llegaron hasta pasar la imagen por la Herrer\u00eda, parte hoy de la Carrera del Puente. En aquel sitio cay\u00f3 sobre el manto de la Virgen cierto l\u00edquido inmundo, arrojado desde una ventana por una chica que se cre\u00eda aconsejada por alg\u00fan jud\u00edo. Este hecho horrible produjo el esc\u00e1ndalo consiguiente, bien pronto aprovechado por los deseosos de vengar sus iras en los jud\u00edos y conversos, a quienes en seguida achacaron aquel sacrilegio.<\/p>\n\n\n\n<p>Un herrero del Barrio de San Lorenzo llamado Alonso Rodr\u00edguez principi\u00f3 con estent\u00f3rea voz a dar gritos contra aqu\u00e9llos, excitando a los dem\u00e1s a tomar pronta y ejemplar venganza, sin bastarle las amonestaciones de Pedro de Torreblanca, adicto a don Alonso de Aguilar, quien quiso aplacarlos, recibiendo en premio una herida de manos del herrero.<\/p>\n\n\n\n<p>La procesi\u00f3n qued\u00f3 disuelta y algunos cofrades se llevaron la imagen, en tanto que la muchedumbre invad\u00eda las casas de los culpados, mat\u00e1ndolos, robando e incendiando sin caridad alguna y sin que hubiese quien los contuviera en tantos desmanes. Gran n\u00famero de muertos hubo este d\u00eda y los tres siguientes en que dur\u00f3 la lucha. Viendo que nadie conten\u00eda a los ilusos, que llam\u00e1ndose cristianos as\u00ed asesinaban a los conversos, resolvi\u00f3 don Alonso de Aguilar poner fin al alboroto y hacer entrar en orden a los amotinados.<\/p>\n\n\n\n<p>Tom\u00f3 su caballo y acompa\u00f1ado de sus dependientes y amigos sali\u00f3 al encuentro, dirigi\u00e9ndose al Rastro, donde hall\u00f3 al herrero animando a las masas, como dir\u00edamos ahora. Dirigi\u00f3le la palabra, le rog\u00f3 y le mand\u00f3 retirarse; mas, lejos de obedecer, Alonso Rodr\u00edguez le contest\u00f3 con groseros insultos y hasta le hizo frente con los suyos. Entonces don Alonso arremeti\u00f3 hacia \u00e9l y lo pas\u00f3 de un golpe de lanza dej\u00e1ndolo muerto, persiguiendo a los dem\u00e1s hasta encerrarlos en el patio de San Francisco, quedando algunos otros cad\u00e1veres en la calle.<\/p>\n\n\n\n<p>Retir\u00f3se don Alonso a su casa, y los amotinados volvieron a recoger el cad\u00e1ver del herrero. Llev\u00e1ronlo en hombros hasta San Lorenzo, en cuya iglesia entraron, poni\u00e9ndolo delante del monumento, donde pas\u00f3 la noche. D\u00edcese que a la ma\u00f1ana siguiente el herrero movi\u00f3 un brazo, a causa de su falsa postura, o, seg\u00fan otros, un fiel perro que ten\u00eda se meti\u00f3 bajo la mesa en que yac\u00eda el cad\u00e1ver, d\u00e1ndole con el suyo alg\u00fan movimiento. El caso es que la plebe dijo que Alonso Rodr\u00edguez era m\u00e1rtir por la religi\u00f3n que defend\u00eda, y que con haberse movido ped\u00eda venganza de su muerte, alborot\u00e1ndose y emprendi\u00e9ndola de nuevo contra los jud\u00edos y conversos, matando a unos y dejando a los otros sin bienes ni hogar con sus robos y sus incendios.<\/p>\n\n\n\n<p>S\u00fapolo don Alonso y reuniendo su gente corri\u00f3 hacia San Lorenzo y Santa Marina a darles otro escarmiento; mas al llegar a San Agust\u00edn hall\u00f3 a los amotinados, a quienes ya capitaneaba otro noble llamado don Diego Aguayo, que, alg\u00fan tanto calavera, no se asustaba de las amenazas, hasta el extremo de no s\u00f3lo hacerle frente, sino que arremeti\u00f3 a pedradas y golpes, haci\u00e9ndoles huir hasta el Alc\u00e1zar, donde tuvo don Alonso que hacerse fuerte con los suyos y muchos jud\u00edos y conversos que buscaban su amparo. All\u00ed los dejaron, volvi\u00e9ndose los amotinados a cometer desmanes id\u00e9nticos a los ya referidos.<\/p>\n\n\n\n<p>Cuatro d\u00edas dur\u00f3 este mot\u00edn, uno de los m\u00e1s sangrientos ocurridos en C\u00f3rdoba. Al cabo de ellos sali\u00f3 don Alonso del Alc\u00e1zar ofreciendo perd\u00f3n de los cr\u00edmenes cometidos y mandando a los jud\u00edos y conversos salir de la ciudad o fijar su residencia en el barrio que antes se les ten\u00eda se\u00f1alado.<\/p>\n\n\n\n<p>La Hermandad de la Caridad, comprendiendo que de su seno hab\u00eda surgido el conflicto, acord\u00f3 perpetuar su memoria con una l\u00e1pida conmemorativa colocada en el patio de San Francisco, y una gran cruz de hierro sobre un pedestal, ocupando el centro del antiguo Rastro.<\/p>\n<\/div><\/div>\n","protected":false},"excerpt":{"rendered":"<p>Corr\u00eda el a\u00f1o 1473. Las hermandades y cofrad\u00edas se preparaban a celebrar con gran pompa las procesiones de Semana Santa, y la de la Caridad dedic\u00f3 una a la Virgen, cuya imagen atavi\u00f3 con cuantas joyas y alhajas pudieron reunir los cofrades. Alfombr\u00f3se la carrera con yerbas arom\u00e1ticas, las fachadas de las casas principales luc\u00edan &hellip; <\/p>\n<p class=\"link-more\"><a href=\"https:\/\/pedrocasiano.es\/?page_id=2389\" class=\"more-link\">Leer m\u00e1s<span class=\"screen-reader-text\"> \u00abMatanza de Jud\u00edos y Conversos.\u00bb<\/span><\/a><\/p>\n","protected":false},"author":1,"featured_media":0,"parent":0,"menu_order":0,"comment_status":"closed","ping_status":"closed","template":"","meta":{"inspiro_hide_title":false,"footnotes":""},"class_list":["post-2389","page","type-page","status-publish","hentry"],"featured_media_urls":[],"_links":{"self":[{"href":"https:\/\/pedrocasiano.es\/index.php?rest_route=\/wp\/v2\/pages\/2389","targetHints":{"allow":["GET"]}}],"collection":[{"href":"https:\/\/pedrocasiano.es\/index.php?rest_route=\/wp\/v2\/pages"}],"about":[{"href":"https:\/\/pedrocasiano.es\/index.php?rest_route=\/wp\/v2\/types\/page"}],"author":[{"embeddable":true,"href":"https:\/\/pedrocasiano.es\/index.php?rest_route=\/wp\/v2\/users\/1"}],"replies":[{"embeddable":true,"href":"https:\/\/pedrocasiano.es\/index.php?rest_route=%2Fwp%2Fv2%2Fcomments&post=2389"}],"version-history":[{"count":1,"href":"https:\/\/pedrocasiano.es\/index.php?rest_route=\/wp\/v2\/pages\/2389\/revisions"}],"predecessor-version":[{"id":2391,"href":"https:\/\/pedrocasiano.es\/index.php?rest_route=\/wp\/v2\/pages\/2389\/revisions\/2391"}],"wp:attachment":[{"href":"https:\/\/pedrocasiano.es\/index.php?rest_route=%2Fwp%2Fv2%2Fmedia&parent=2389"}],"curies":[{"name":"wp","href":"https:\/\/api.w.org\/{rel}","templated":true}]}}