{"id":2352,"date":"2024-02-20T10:05:15","date_gmt":"2024-02-20T10:05:15","guid":{"rendered":"https:\/\/pedrocasiano.es\/?page_id=2352"},"modified":"2024-03-01T09:46:15","modified_gmt":"2024-03-01T09:46:15","slug":"la-fabula-de-la-anciana-y-de-la-nina","status":"publish","type":"page","link":"https:\/\/pedrocasiano.es\/?page_id=2352","title":{"rendered":"La F\u00e1bula de la Anciana y de la Ni\u00f1a"},"content":{"rendered":"\n<figure class=\"wp-block-image alignright size-large is-resized\"><img decoding=\"async\" width=\"1024\" height=\"960\" data-src=\"https:\/\/pedrocasiano.es\/wp-content\/uploads\/2024\/02\/26171590_1656810217710977_7717902171958744688_o-1024x960.jpg\" alt=\"\" class=\"wp-image-3886 lazyload\" style=\"--smush-placeholder-width: 1024px; --smush-placeholder-aspect-ratio: 1024\/960;width:398px;height:auto\" src=\"data:image\/svg+xml;base64,PHN2ZyB3aWR0aD0iMSIgaGVpZ2h0PSIxIiB4bWxucz0iaHR0cDovL3d3dy53My5vcmcvMjAwMC9zdmciPjwvc3ZnPg==\" \/><\/figure>\n\n\n\n<p>La F\u00e1bula de la Anciana y de la Ni\u00f1a.<\/p>\n\n\n\n<p>La mujer mayor miraba el horizonte que se manifestaba en toda su belleza, ni se dio cuenta de la ni\u00f1a hasta que \u00e9sta habl\u00f3.<\/p>\n\n\n\n<p><a><\/a>-\u00bfQu\u00e9 miras?, le dijo con una voz sin formar.<\/p>\n\n\n\n<p>-Algo que pronto ya no ver\u00e9.<\/p>\n\n\n\n<p>-\u00bfY eso es malo?<\/p>\n\n\n\n<p>-Ahora ya no,- dijo la anciana.<\/p>\n\n\n\n<p>La ni\u00f1a call\u00f3 unos instantes.<\/p>\n\n\n\n<p>\u00bfQui\u00e9n eres?, le pregunt\u00f3 la ni\u00f1a.<\/p>\n\n\n\n<p>-Algo que se apaga para que t\u00fa brilles, yo me ir\u00e9, y t\u00fa te quedar\u00e1s.<\/p>\n\n\n\n<p>-\u00bfPor qu\u00e9 te tienes que ir y a d\u00f3nde?, insisti\u00f3 la ni\u00f1a.<\/p>\n\n\n\n<p>-A un sitio, que ahora, me parece mejor, para que t\u00fa puedas ser, yo no ser\u00e9.<\/p>\n\n\n\n<p>-\u00bfHas hecho algo malo? -le volvi\u00f3 a inquirir la ni\u00f1a.<\/p>\n\n\n\n<p>-Cosas buenas, cosas malas cosas est\u00fapidas, de toda clase de uvas es el racimo de mi vida. Como t\u00fa misma har\u00e1s.<\/p>\n\n\n\n<p>-\u00bfPuedes ver el futuro?<\/p>\n\n\n\n<p>-No, solo te puedo decir en qu\u00e9 me he equivocado, en que he acertado. Mi vida fue, tu vida ser\u00e1.<\/p>\n\n\n\n<p>-\u00bfQu\u00e9 ser\u00e9?<\/p>\n\n\n\n<p>-Ante todo una mujer, al\u00e9grate, ap\u00e9nate, tu vida ser\u00e1 dura, y t\u00fa tendr\u00e1s que serlo, los obst\u00e1culos ser\u00e1n m\u00e1s altos, los problemas parecer\u00e1n insalvables, pero no te hundas, sobrevive, crece, porque en ti est\u00e1n las nuevas generaciones, transmite tu saber, tu fuerza a los que nazcan de ti, si te vences, perder\u00e1s, si esperas la igualdad, te defraudar\u00e1s, pero piensa siempre que tras un d\u00eda terrible, el siguiente se siente mejor.<\/p>\n\n\n\n<p>Una l\u00e1grima cay\u00f3 del bello rostro de la ni\u00f1a. La anciana, la recogi\u00f3 con el dedo.<\/p>\n\n\n\n<p>-Ves, \u00e9sta l\u00e1grima es la primera que dar\u00e1s al mundo, el precio de conocer algo que s\u00f3lo las mujeres podemos hacer, a pesar de todo, a pesar de todos, s\u00f3lo nosotras podemos engendrar la vida, con el dolor, pero con la fortaleza de un \u00e1rbol, que nace a despecho del desierto. No llores ni\u00f1a, sabr\u00e1s el viejo secreto que nadie nos puede robar, como dar la vida, y con todo, ser\u00e1 algo que s\u00f3lo nosotras podemos hacer.<\/p>\n\n\n\n<p>La anciana se levant\u00f3, le se\u00f1al\u00f3 la roca en la que hab\u00eda estado sentada.<\/p>\n\n\n\n<p>-Si\u00e9ntate, peque\u00f1a, sufre, vive, ama, y alg\u00fan d\u00eda, como yo, mirar\u00e1s el mismo horizonte, te marchar\u00e1s sin pena, como yo, a pesar de los errores, del sufrimiento de la vida, porque eres la \u00fanica que dejar\u00e1s una llama indeleble en los tuyos, eso no nos lo puede quitar nadie.<\/p>\n\n\n\n<p>La anciana con paso vacilante se alej\u00f3, y la ni\u00f1a mir\u00f3 al horizonte, la anciana supo que le hab\u00eda dejado un mundo un poquito, solo un poquito mejor, y se march\u00f3 feliz, donde el horizonte se pierde en la mirada.<\/p>\n\n\n\n<p>Dedicado a todas mis mujeres, dedicado a todas las mujeres.<\/p>\n\n\n\n<p>Pedro Casiano Gonz\u00e1lez Cuevas. 2.018<\/p>\n","protected":false},"excerpt":{"rendered":"<p>La F\u00e1bula de la Anciana y de la Ni\u00f1a. La mujer mayor miraba el horizonte que se manifestaba en toda su belleza, ni se dio cuenta de la ni\u00f1a hasta que \u00e9sta habl\u00f3. -\u00bfQu\u00e9 miras?, le dijo con una voz sin formar. -Algo que pronto ya no ver\u00e9. -\u00bfY eso es malo? -Ahora ya no,- &hellip; <\/p>\n<p class=\"link-more\"><a href=\"https:\/\/pedrocasiano.es\/?page_id=2352\" class=\"more-link\">Leer m\u00e1s<span class=\"screen-reader-text\"> \u00abLa F\u00e1bula de la Anciana y de la Ni\u00f1a\u00bb<\/span><\/a><\/p>\n","protected":false},"author":1,"featured_media":0,"parent":0,"menu_order":0,"comment_status":"closed","ping_status":"closed","template":"","meta":{"inspiro_hide_title":false,"footnotes":""},"class_list":["post-2352","page","type-page","status-publish","hentry"],"featured_media_urls":[],"_links":{"self":[{"href":"https:\/\/pedrocasiano.es\/index.php?rest_route=\/wp\/v2\/pages\/2352","targetHints":{"allow":["GET"]}}],"collection":[{"href":"https:\/\/pedrocasiano.es\/index.php?rest_route=\/wp\/v2\/pages"}],"about":[{"href":"https:\/\/pedrocasiano.es\/index.php?rest_route=\/wp\/v2\/types\/page"}],"author":[{"embeddable":true,"href":"https:\/\/pedrocasiano.es\/index.php?rest_route=\/wp\/v2\/users\/1"}],"replies":[{"embeddable":true,"href":"https:\/\/pedrocasiano.es\/index.php?rest_route=%2Fwp%2Fv2%2Fcomments&post=2352"}],"version-history":[{"count":4,"href":"https:\/\/pedrocasiano.es\/index.php?rest_route=\/wp\/v2\/pages\/2352\/revisions"}],"predecessor-version":[{"id":5477,"href":"https:\/\/pedrocasiano.es\/index.php?rest_route=\/wp\/v2\/pages\/2352\/revisions\/5477"}],"wp:attachment":[{"href":"https:\/\/pedrocasiano.es\/index.php?rest_route=%2Fwp%2Fv2%2Fmedia&parent=2352"}],"curies":[{"name":"wp","href":"https:\/\/api.w.org\/{rel}","templated":true}]}}