{"id":2227,"date":"2024-02-20T08:29:23","date_gmt":"2024-02-20T08:29:23","guid":{"rendered":"https:\/\/pedrocasiano.es\/?page_id=2227"},"modified":"2024-02-20T08:29:24","modified_gmt":"2024-02-20T08:29:24","slug":"vamonos","status":"publish","type":"page","link":"https:\/\/pedrocasiano.es\/?page_id=2227","title":{"rendered":"V\u00e1monos"},"content":{"rendered":"\n<div class=\"wp-block-media-text is-stacked-on-mobile is-vertically-aligned-top\" style=\"grid-template-columns:27% auto\"><figure class=\"wp-block-media-text__media\"><img decoding=\"async\" width=\"1024\" height=\"960\" data-src=\"https:\/\/pedrocasiano.es\/wp-content\/uploads\/2024\/02\/image-68-1024x960.jpeg\" alt=\"No hay ninguna descripci\u00f3n de la foto disponible.\" class=\"wp-image-2228 size-full lazyload\" src=\"data:image\/svg+xml;base64,PHN2ZyB3aWR0aD0iMSIgaGVpZ2h0PSIxIiB4bWxucz0iaHR0cDovL3d3dy53My5vcmcvMjAwMC9zdmciPjwvc3ZnPg==\" style=\"--smush-placeholder-width: 1024px; --smush-placeholder-aspect-ratio: 1024\/960;\" \/><\/figure><div class=\"wp-block-media-text__content\">\n<p>Ya estoy cansado de que los europeos (\u00bf?), nos traten como si fu\u00e9ramos monos de circo, aspirantes lo m\u00e1s, a poder servir un par de comandas sin equivocarnos, por supuesto en un bar en la costa.<\/p>\n\n\n\n<p>\u00bfTribunales europeos?, me valen lo mismo que un tonto con una tiza, d\u00e9jalos que se entretengan, \u00bfCu\u00e1ndo hemos estado al capricho de alg\u00fan extranjero?, perd\u00f3n se me olvidaba, la amable invasi\u00f3n francesa, o el robo de Gibraltar, pero por lo dem\u00e1s nos aman con ternura, con la misma <a><\/a>que se mira a un animal al que vas a orde\u00f1ar, y cuando no sirva para eso, nos degollaran, como lo que nos dejamos ser\u2026<\/p>\n\n\n\n<p>Los ingleses se van, por primera vez estoy de acuerdo con los hijos de la Gran Breta\u00f1a, por mucho que los desprecie, mejor solo, que mal acompa\u00f1ado.<\/p>\n\n\n\n<p>Esos amables se\u00f1ores del Norte que se llevan todo, que solo servimos para comprar (el que pueda), pa\u00edses en los cuales se cobra, cuatro, cinco, o muchas mas veces lo que aqu\u00ed, y seguro que tendremos que bajar el precio del trabajo.<\/p>\n\n\n\n<p>Que no nos dejan devaluar nuestra moneda, con lo cual, cada vez somos menos competitivos, con el resultado de que la industria en Espa\u00f1a, ya no existe, solo el campo, y poco m\u00e1s\u2026 y las multinacionales, que son exprimidoras en cualquier pa\u00eds donde se instalen.<\/p>\n\n\n\n<p>Y por supuesto, se me olvidaba, dar\u00e1n cualquier motivo para que Espa\u00f1a se rompa, pues siempre es mejor un pa\u00eds castrado, dividido, casi muerto, por muy poca fuerza que tenga unido.<\/p>\n\n\n\n<p>Que paren esta mierda de Europa, que yo me bajo.<\/p>\n<\/div><\/div>\n","protected":false},"excerpt":{"rendered":"<p>Ya estoy cansado de que los europeos (\u00bf?), nos traten como si fu\u00e9ramos monos de circo, aspirantes lo m\u00e1s, a poder servir un par de comandas sin equivocarnos, por supuesto en un bar en la costa. \u00bfTribunales europeos?, me valen lo mismo que un tonto con una tiza, d\u00e9jalos que se entretengan, \u00bfCu\u00e1ndo hemos estado &hellip; <\/p>\n<p class=\"link-more\"><a href=\"https:\/\/pedrocasiano.es\/?page_id=2227\" class=\"more-link\">Leer m\u00e1s<span class=\"screen-reader-text\"> \u00abV\u00e1monos\u00bb<\/span><\/a><\/p>\n","protected":false},"author":1,"featured_media":0,"parent":0,"menu_order":0,"comment_status":"closed","ping_status":"closed","template":"","meta":{"inspiro_hide_title":false,"footnotes":""},"class_list":["post-2227","page","type-page","status-publish","hentry"],"featured_media_urls":[],"_links":{"self":[{"href":"https:\/\/pedrocasiano.es\/index.php?rest_route=\/wp\/v2\/pages\/2227","targetHints":{"allow":["GET"]}}],"collection":[{"href":"https:\/\/pedrocasiano.es\/index.php?rest_route=\/wp\/v2\/pages"}],"about":[{"href":"https:\/\/pedrocasiano.es\/index.php?rest_route=\/wp\/v2\/types\/page"}],"author":[{"embeddable":true,"href":"https:\/\/pedrocasiano.es\/index.php?rest_route=\/wp\/v2\/users\/1"}],"replies":[{"embeddable":true,"href":"https:\/\/pedrocasiano.es\/index.php?rest_route=%2Fwp%2Fv2%2Fcomments&post=2227"}],"version-history":[{"count":1,"href":"https:\/\/pedrocasiano.es\/index.php?rest_route=\/wp\/v2\/pages\/2227\/revisions"}],"predecessor-version":[{"id":2229,"href":"https:\/\/pedrocasiano.es\/index.php?rest_route=\/wp\/v2\/pages\/2227\/revisions\/2229"}],"wp:attachment":[{"href":"https:\/\/pedrocasiano.es\/index.php?rest_route=%2Fwp%2Fv2%2Fmedia&parent=2227"}],"curies":[{"name":"wp","href":"https:\/\/api.w.org\/{rel}","templated":true}]}}