{"id":2212,"date":"2024-02-20T08:22:09","date_gmt":"2024-02-20T08:22:09","guid":{"rendered":"https:\/\/pedrocasiano.es\/?page_id=2212"},"modified":"2024-03-04T10:09:14","modified_gmt":"2024-03-04T10:09:14","slug":"aberraciones","status":"publish","type":"page","link":"https:\/\/pedrocasiano.es\/?page_id=2212","title":{"rendered":"Aberraciones"},"content":{"rendered":"\n<figure class=\"wp-block-image alignleft size-large is-resized\"><img decoding=\"async\" width=\"1024\" height=\"867\" data-src=\"https:\/\/pedrocasiano.es\/wp-content\/uploads\/2024\/02\/confused-7216043_1280-1024x867.jpg\" alt=\"\" class=\"wp-image-3861 lazyload\" style=\"--smush-placeholder-width: 1024px; --smush-placeholder-aspect-ratio: 1024\/867;width:468px;height:auto\" src=\"data:image\/svg+xml;base64,PHN2ZyB3aWR0aD0iMSIgaGVpZ2h0PSIxIiB4bWxucz0iaHR0cDovL3d3dy53My5vcmcvMjAwMC9zdmciPjwvc3ZnPg==\" \/><\/figure>\n\n\n\n<p>Me despierto temprano, a pesar de dormir poco, siempre me toca guardia de amanecida, y oigo las noticias, cosa que me gustar\u00eda no hacer, pero masoquistamente lo hago, y raro es el d\u00eda que escucho algo que me tranquilice, sea la cadena que sea, de izquierdas o de derechas, a pesar de que lo oculten.<\/p>\n\n\n\n<p>Espa\u00f1a se diluye, y todo lo que se diluye, se destruye, a fin de cuentas.<\/p>\n\n\n\n<p>\u00bfQu\u00e9 <a><\/a>sucede?, es una pregunta que me hago y para la cual no tengo respuesta clara, solo una concatenaci\u00f3n de hechos que a fin de cuentas y a la postre, llevan a lo que est\u00e1 sucediendo.<\/p>\n\n\n\n<p>Pienso, tengo ese problema a pesar de ser espa\u00f1ol, e intento discernir lo que sucede dentro de la mara\u00f1a, del c\u00famulo de informaciones tendenciosas, contradictorias, o simplemente est\u00fapidas que hieren mis o\u00eddos.<\/p>\n\n\n\n<p>Hoy, pues el tema es tan extenso como desee, voy a referirme a Pedro S\u00e1nchez, el eterno Presidente en funciones de esta democracia bananera.<\/p>\n\n\n\n<p>\u00bfQui\u00e9n es?, intentar\u00e9 definirlo, pero no como un superviviente, sino como una comadreja con piel de le\u00f3n, simplemente es el poder en si mismo, la exaltaci\u00f3n del ego m\u00e1s rabioso, algo que no se permitir\u00eda en otro pa\u00eds, sucede en este reino de taifas, donde los poderes son como drogas que se venden en las esquinas a los enganchados, a los que solo conocen eso, o las coimas.<\/p>\n\n\n\n<p>Sobrevivi\u00f3 a la caza de brujas del PSOE, pero no solo eso, aguant\u00f3, como aquel que es portavoz de la verdad absoluta, y derrot\u00f3 a todos y todas, se agrand\u00f3 a si mismo en un enorme cristal de amplificaci\u00f3n que siempre lleva, y el partido cay\u00f3 a sus pies, quiz\u00e1s rendido por el cansancio, por la dejadez, o por el hast\u00edo, no lo s\u00e9, pero triunf\u00f3, hay que reconocerlo.<\/p>\n\n\n\n<p>Yo siempre he pensado que es un comunista intentando enrojecer, aun m\u00e1s, al partido socialista, me da esa impresi\u00f3n, y por ello, como todos los portadores de los radicalismos, me hace temerle, pues nada bueno traen aquellos que se creen portadores de la verdad absoluta, eso y el hecho de que, a pesar de todo, a pesar de todos, aun pactando con el diablo, quiera llevar su calendario interno a una tablilla de Mois\u00e9s, hace que no llegue la ropa al cuerpo, cuando lo veo, enfalconado, con sus guardaespaldas y pros\u00e9litos, intentando ser un Mussolini con traje. Que miedo me da.<\/p>\n\n\n\n<p>\u00bfTenemos otro Maduro?, no lo s\u00e9, pero contin\u00fao acongojado, o acojonado como decimos aqu\u00ed, y me repito la pregunta \u00bfQui\u00e9n es?, \u00bfQu\u00e9 quiere?, y eso solo lo sabe el, y cuando veo que estrecha las manos, manos que evit\u00f3 con un golpetazo, las de Podemos, me entristece el saber que la pol\u00edtica, en este caso, llevada a estos extremos, produce monstruos.<\/p>\n\n\n\n<p>Cuando veo como abrazan, en pos del poder desnudo, a aquellos que intentan destruir este pa\u00eds, que bueno o malo, es el que tenemos, y que si se cambia no ser\u00e1 para mejor, se me pone el vello de la nuca como escarpias, y es que, visto lo escrito en la historia, en la memoria de negro sobre blanco, y sabi\u00e9ndolo olvidado, solo pienso en que los pa\u00edses que no recuerdan su historia, est\u00e1n condenados a repetirla.<\/p>\n\n\n\n<p>Leyendo esto, cualquiera creer\u00eda que soy de derechas, no es eso, es que he estudiado la historia de mi pa\u00eds, y le\u00ed sobre el Frente Popular, el que trae tantos miedos o esperanzas, y siento como este pa\u00eds, lejos de haber aprendido, vuelve a caer en los extremos, en un pa\u00eds que ha tenido mas guerras que ning\u00fan otro, en el cual nos hemos matado como animales en pos de una ideolog\u00eda de la que al poco o nadie se acuerda, salvo los de la memoria hist\u00f3rica.<\/p>\n\n\n\n<p>Cuidemos de los vivos, libr\u00e9monos del mal, venga de la derecha o de la izquierda, dejemos descansar a nuestros muertos, y cuidemos de los dem\u00e1s que a\u00fan contin\u00faan aqu\u00ed.<\/p>\n","protected":false},"excerpt":{"rendered":"<p>Me despierto temprano, a pesar de dormir poco, siempre me toca guardia de amanecida, y oigo las noticias, cosa que me gustar\u00eda no hacer, pero masoquistamente lo hago, y raro es el d\u00eda que escucho algo que me tranquilice, sea la cadena que sea, de izquierdas o de derechas, a pesar de que lo oculten. &hellip; <\/p>\n<p class=\"link-more\"><a href=\"https:\/\/pedrocasiano.es\/?page_id=2212\" class=\"more-link\">Leer m\u00e1s<span class=\"screen-reader-text\"> \u00abAberraciones\u00bb<\/span><\/a><\/p>\n","protected":false},"author":1,"featured_media":0,"parent":0,"menu_order":0,"comment_status":"closed","ping_status":"closed","template":"","meta":{"inspiro_hide_title":false,"footnotes":""},"class_list":["post-2212","page","type-page","status-publish","hentry"],"featured_media_urls":[],"_links":{"self":[{"href":"https:\/\/pedrocasiano.es\/index.php?rest_route=\/wp\/v2\/pages\/2212","targetHints":{"allow":["GET"]}}],"collection":[{"href":"https:\/\/pedrocasiano.es\/index.php?rest_route=\/wp\/v2\/pages"}],"about":[{"href":"https:\/\/pedrocasiano.es\/index.php?rest_route=\/wp\/v2\/types\/page"}],"author":[{"embeddable":true,"href":"https:\/\/pedrocasiano.es\/index.php?rest_route=\/wp\/v2\/users\/1"}],"replies":[{"embeddable":true,"href":"https:\/\/pedrocasiano.es\/index.php?rest_route=%2Fwp%2Fv2%2Fcomments&post=2212"}],"version-history":[{"count":4,"href":"https:\/\/pedrocasiano.es\/index.php?rest_route=\/wp\/v2\/pages\/2212\/revisions"}],"predecessor-version":[{"id":5567,"href":"https:\/\/pedrocasiano.es\/index.php?rest_route=\/wp\/v2\/pages\/2212\/revisions\/5567"}],"wp:attachment":[{"href":"https:\/\/pedrocasiano.es\/index.php?rest_route=%2Fwp%2Fv2%2Fmedia&parent=2212"}],"curies":[{"name":"wp","href":"https:\/\/api.w.org\/{rel}","templated":true}]}}