{"id":1589,"date":"2024-02-18T07:45:26","date_gmt":"2024-02-18T07:45:26","guid":{"rendered":"https:\/\/pedrocasiano.es\/?page_id=1589"},"modified":"2024-03-08T16:11:20","modified_gmt":"2024-03-08T16:11:20","slug":"antinoticias-6","status":"publish","type":"page","link":"https:\/\/pedrocasiano.es\/?page_id=1589","title":{"rendered":"Antinoticias 6"},"content":{"rendered":"\n<figure class=\"wp-block-image alignright size-large is-resized\"><img decoding=\"async\" width=\"1024\" height=\"1024\" data-src=\"https:\/\/pedrocasiano.es\/wp-content\/uploads\/2024\/02\/supplier-3863401_1920-1024x1024.jpg\" alt=\"\" class=\"wp-image-3813 lazyload\" style=\"--smush-placeholder-width: 1024px; --smush-placeholder-aspect-ratio: 1024\/1024;width:346px;height:auto\" src=\"data:image\/svg+xml;base64,PHN2ZyB3aWR0aD0iMSIgaGVpZ2h0PSIxIiB4bWxucz0iaHR0cDovL3d3dy53My5vcmcvMjAwMC9zdmciPjwvc3ZnPg==\" \/><\/figure>\n\n\n\n<p>Antinoticias 6. No Vale lo que Cuesta.<\/p>\n\n\n\n<p>De vuelta a la subida de todo, y comenzamos con una revisi\u00f3n, unos datos.<\/p>\n\n\n\n<p>\u00bfSab\u00e9is que el sesenta por ciento de lo que pagamos de electricidad est\u00e1 en manos del gobierno?<\/p>\n\n\n\n<p>Vamos con el segundo c\u00e1lculo, el tema de los carburantes:<\/p>\n\n\n\n<p>Impuestos: Gasolina 98 54 %<\/p>\n\n\n\n<p><a><\/a>Gasolina 95 54 %<\/p>\n\n\n\n<p>Di\u00e9sel 49%<\/p>\n\n\n\n<p>\u00bfQu\u00e9 supone todo esto?, que lejos de tener que recurrir a Rob\u00edn Hood, aqu\u00ed nos encontramos con el villano de turno en forma de Pedro S\u00e1nchez el Escondido, que a pesar de su pol\u00edtica de buenismo, a la hora del dinero, calla y sonr\u00ede, pero se lo lleva calentito, perpetuando el lema de \u201cCuando las cosas van mal, solo sube los impuestos\u201d, y como buen burro subido al podio, hace lo que sus predecesores, eso s\u00ed, haciendo pucheros acerca de las pobres familias, las rentas de subsidio\u2026 bla, bla, bla.<\/p>\n\n\n\n<p>\u00bfEsos son los socialistas?, que han tenido que basarse en sacar la mitad de personas que Francia, pero que parece que han dejado Afganist\u00e1n sin habitantes, y todo para salir en la tele, haciendo algo que parece bien por una vez en la legislatura.<\/p>\n\n\n\n<p>Que cansancio, no hay nada bueno, solo golfantes y sinverg\u00fcenzas, si alguien ha le\u00eddo la \u00e9poca de oro de la literatura espa\u00f1ola, esa que habla de los golfos de Cortadillo y Rinconete, de un Busc\u00f3n llamado Pablos, se encontrar\u00e1 con que los golfos, los esperpentos, son los mismos, o quiz\u00e1s peores, pero a fin de cuentas, siempre son los encargados de que este pa\u00eds, maldito por el destino, no levante la cabeza.<\/p>\n\n\n\n<p>Maldita Administraci\u00f3n fullera, maldito gobierno fullero\u2026nuestro deporte nacional se ha convertido en mamar, si hubiera olimpiadas, ni Garganta Profunda tendr\u00eda nada que hacer, tragamos lo que nos echen.<\/p>\n\n\n\n<p>Postdata. Se\u00f1or S\u00e1nchez no mee sobre nosotros e intente hacernos creer que est\u00e1 lloviendo.<\/p>\n","protected":false},"excerpt":{"rendered":"<p>Antinoticias 6. No Vale lo que Cuesta. De vuelta a la subida de todo, y comenzamos con una revisi\u00f3n, unos datos. \u00bfSab\u00e9is que el sesenta por ciento de lo que pagamos de electricidad est\u00e1 en manos del gobierno? Vamos con el segundo c\u00e1lculo, el tema de los carburantes: Impuestos: Gasolina 98 54 % Gasolina 95 &hellip; <\/p>\n<p class=\"link-more\"><a href=\"https:\/\/pedrocasiano.es\/?page_id=1589\" class=\"more-link\">Leer m\u00e1s<span class=\"screen-reader-text\"> \u00abAntinoticias 6\u00bb<\/span><\/a><\/p>\n","protected":false},"author":1,"featured_media":0,"parent":0,"menu_order":0,"comment_status":"closed","ping_status":"closed","template":"","meta":{"inspiro_hide_title":false,"footnotes":""},"class_list":["post-1589","page","type-page","status-publish","hentry"],"featured_media_urls":[],"_links":{"self":[{"href":"https:\/\/pedrocasiano.es\/index.php?rest_route=\/wp\/v2\/pages\/1589","targetHints":{"allow":["GET"]}}],"collection":[{"href":"https:\/\/pedrocasiano.es\/index.php?rest_route=\/wp\/v2\/pages"}],"about":[{"href":"https:\/\/pedrocasiano.es\/index.php?rest_route=\/wp\/v2\/types\/page"}],"author":[{"embeddable":true,"href":"https:\/\/pedrocasiano.es\/index.php?rest_route=\/wp\/v2\/users\/1"}],"replies":[{"embeddable":true,"href":"https:\/\/pedrocasiano.es\/index.php?rest_route=%2Fwp%2Fv2%2Fcomments&post=1589"}],"version-history":[{"count":3,"href":"https:\/\/pedrocasiano.es\/index.php?rest_route=\/wp\/v2\/pages\/1589\/revisions"}],"predecessor-version":[{"id":5768,"href":"https:\/\/pedrocasiano.es\/index.php?rest_route=\/wp\/v2\/pages\/1589\/revisions\/5768"}],"wp:attachment":[{"href":"https:\/\/pedrocasiano.es\/index.php?rest_route=%2Fwp%2Fv2%2Fmedia&parent=1589"}],"curies":[{"name":"wp","href":"https:\/\/api.w.org\/{rel}","templated":true}]}}