{"id":1585,"date":"2024-02-18T07:43:24","date_gmt":"2024-02-18T07:43:24","guid":{"rendered":"https:\/\/pedrocasiano.es\/?page_id=1585"},"modified":"2024-03-08T16:07:15","modified_gmt":"2024-03-08T16:07:15","slug":"antinoticias-5","status":"publish","type":"page","link":"https:\/\/pedrocasiano.es\/?page_id=1585","title":{"rendered":"Antinoticias 5"},"content":{"rendered":"\n<figure class=\"wp-block-image alignleft size-large is-resized\"><img decoding=\"async\" width=\"1024\" height=\"785\" data-src=\"https:\/\/pedrocasiano.es\/wp-content\/uploads\/2024\/02\/nuclear-power-plant-3545244_1280-1024x785.jpg\" alt=\"\" class=\"wp-image-3811 lazyload\" style=\"--smush-placeholder-width: 1024px; --smush-placeholder-aspect-ratio: 1024\/785;width:436px;height:auto\" src=\"data:image\/svg+xml;base64,PHN2ZyB3aWR0aD0iMSIgaGVpZ2h0PSIxIiB4bWxucz0iaHR0cDovL3d3dy53My5vcmcvMjAwMC9zdmciPjwvc3ZnPg==\" \/><\/figure>\n\n\n\n<p>Antinoticias 5. Verde Que Te Quiero Verde.<\/p>\n\n\n\n<p>\u00c9rase una vez que se era, un pobre que quiso vivir como los ricos, quer\u00eda que su jard\u00edn fuera el mejor, que los unicornios alados volaran sobre su cabeza, que todo fuera de color de rosa\u2026 y se encontr\u00f3 con que su jard\u00edn se llen\u00f3 de malas hierbas, de suciedad, y solo acud\u00edan ratas a intentar roerle la cabeza, \u00bfC\u00f3mo se llamaba el pobre?, Espa\u00f1a.<\/p>\n\n\n\n<p>Lo verde cuesta dinero, \u00bfno queremos nucleares?, me parece bien, \u00bfno queremos quemar carb\u00f3n?, <a><\/a>perfecto, es lo suyo, pero cuando la luz nos suba a lo que est\u00e1, no nos quejemos, seamos ecologistas, verdes en un solo color, y por supuesto, suframos las consecuencias.<\/p>\n\n\n\n<p>\u00bfQu\u00e9 no podemos poner el aire acondicionado?, es por el planeta, \u00bfque los ni\u00f1os tienen que comer frio?, es una medida razonablemente ecol\u00f3gica.<\/p>\n\n\n\n<p>Vaya pa\u00eds de imb\u00e9ciles, uno es lo que puede pagar, y somos pobres, a ver si nos enteramos, que es Alemania, y le est\u00e1 costando un past\u00f3n, (adem\u00e1s de que al final est\u00e1 contaminado m\u00e1s), nosotros estamos hasta las cejas de deudas, debemos hasta de callarnos, pero no pasa nada, Don Pedro el Escondido, sonreir\u00e1 y dir\u00e1 que todo es de color de rosa, que no pasa nada, que somos la avanzada de cualquier cosa y la realidad se difuminar\u00e1 en palabras huecas.<\/p>\n\n\n\n<p>\u00bfCu\u00e1ndo pagaremos lo que debemos?, \u00bfcu\u00e1ndo los espa\u00f1oles, podremos apoyarnos a nosotros mismos, a los que padecen de pobreza extrema, de necesidad, sin tanta alharaca de rescates ni ecologismos?, mir\u00e9monos, somos lo que somos, y seremos lo que queramos ser, pero mucho me temo, que cada vez m\u00e1s pobres, cada vez, y seguro, m\u00e1s imb\u00e9ciles.<\/p>\n\n\n\n<p>Viva la Espa\u00f1a de \u201cNo me Quiero Enterar\u201d<\/p>\n","protected":false},"excerpt":{"rendered":"<p>Antinoticias 5. Verde Que Te Quiero Verde. \u00c9rase una vez que se era, un pobre que quiso vivir como los ricos, quer\u00eda que su jard\u00edn fuera el mejor, que los unicornios alados volaran sobre su cabeza, que todo fuera de color de rosa\u2026 y se encontr\u00f3 con que su jard\u00edn se llen\u00f3 de malas hierbas, &hellip; <\/p>\n<p class=\"link-more\"><a href=\"https:\/\/pedrocasiano.es\/?page_id=1585\" class=\"more-link\">Leer m\u00e1s<span class=\"screen-reader-text\"> \u00abAntinoticias 5\u00bb<\/span><\/a><\/p>\n","protected":false},"author":1,"featured_media":0,"parent":0,"menu_order":0,"comment_status":"closed","ping_status":"closed","template":"","meta":{"inspiro_hide_title":false,"footnotes":""},"class_list":["post-1585","page","type-page","status-publish","hentry"],"featured_media_urls":[],"_links":{"self":[{"href":"https:\/\/pedrocasiano.es\/index.php?rest_route=\/wp\/v2\/pages\/1585","targetHints":{"allow":["GET"]}}],"collection":[{"href":"https:\/\/pedrocasiano.es\/index.php?rest_route=\/wp\/v2\/pages"}],"about":[{"href":"https:\/\/pedrocasiano.es\/index.php?rest_route=\/wp\/v2\/types\/page"}],"author":[{"embeddable":true,"href":"https:\/\/pedrocasiano.es\/index.php?rest_route=\/wp\/v2\/users\/1"}],"replies":[{"embeddable":true,"href":"https:\/\/pedrocasiano.es\/index.php?rest_route=%2Fwp%2Fv2%2Fcomments&post=1585"}],"version-history":[{"count":3,"href":"https:\/\/pedrocasiano.es\/index.php?rest_route=\/wp\/v2\/pages\/1585\/revisions"}],"predecessor-version":[{"id":5757,"href":"https:\/\/pedrocasiano.es\/index.php?rest_route=\/wp\/v2\/pages\/1585\/revisions\/5757"}],"wp:attachment":[{"href":"https:\/\/pedrocasiano.es\/index.php?rest_route=%2Fwp%2Fv2%2Fmedia&parent=1585"}],"curies":[{"name":"wp","href":"https:\/\/api.w.org\/{rel}","templated":true}]}}