{"id":1577,"date":"2024-02-18T07:38:48","date_gmt":"2024-02-18T07:38:48","guid":{"rendered":"https:\/\/pedrocasiano.es\/?page_id=1577"},"modified":"2024-03-08T16:09:59","modified_gmt":"2024-03-08T16:09:59","slug":"antinoticias3","status":"publish","type":"page","link":"https:\/\/pedrocasiano.es\/?page_id=1577","title":{"rendered":"Antinoticias 3"},"content":{"rendered":"\n<figure class=\"wp-block-image alignright size-large is-resized\"><img decoding=\"async\" width=\"1024\" height=\"853\" data-src=\"https:\/\/pedrocasiano.es\/wp-content\/uploads\/2024\/02\/war-7065079_1280-1024x853.jpg\" alt=\"\" class=\"wp-image-3807 lazyload\" style=\"--smush-placeholder-width: 1024px; --smush-placeholder-aspect-ratio: 1024\/853;width:441px;height:auto\" src=\"data:image\/svg+xml;base64,PHN2ZyB3aWR0aD0iMSIgaGVpZ2h0PSIxIiB4bWxucz0iaHR0cDovL3d3dy53My5vcmcvMjAwMC9zdmciPjwvc3ZnPg==\" \/><\/figure>\n\n\n\n<p>Antinoticias3. Apuntarse Un Tanto Aunque Sea En Propia Porter\u00eda<\/p>\n\n\n\n<p>\u201cGran imagen de Espa\u00f1a en el salvamiento de los afganos que ayudaron al ej\u00e9rcito espa\u00f1ol\u201d, que maravilla, somos los mejores, hasta el propio anciano mequetrefe de Baiden, nos ha acariciado la cabeza, como perritos obedientes.<\/p>\n\n\n\n<p>\u00bfCu\u00e1ntos hemos salvado?, no lo s\u00e9, pero lo que si estoy seguro es que los que est\u00e1n en la zona en la que se despleg\u00f3 el ej\u00e9rcito espa\u00f1ol, pocos han subido a esos maravillosos aviones.<\/p>\n\n\n\n<p>Badghis, <a><\/a>Qal&#8217;eh-ye Now, Herat, Galezardhak, Ludina, Babulai\u2026. Estos extra\u00f1os nombres son de territorios afganos en los que combatimos, o estuvimos, nuestro ej\u00e9rcito, yo no, \u00bfQu\u00e9 pasa con los que nos ayudaron all\u00ed?, \u00bfc\u00f3mo llegaran a Kabul?, \u00bfc\u00f3mo llegar\u00e1n al aeropuerto rodeado de bestias talibanes?<\/p>\n\n\n\n<p>Y lo peor de esta operaci\u00f3n cosm\u00e9tica, es que siempre quedaremos asociados a la terrible huida de los americanos, como lo que somos, ac\u00f3litos de su majestad americana, \u00bfQu\u00e9 sucede con los millones que quedan atr\u00e1s?, que verg\u00fcenza, que asco, y pienso en que las mujeres que amo fueran afganas, y se me encoge el coraz\u00f3n, que asco de mundo, que asco de naciones, me averg\u00fcenzo de que se me compare con los que han abandonado a su suerte a aquellos que prometieron proteger.<\/p>\n\n\n\n<p>Que sea el dios que sea, que las proteja, pobres mujeres afganas, pobres afganos, pobres de nosotros, verg\u00fcenza.<\/p>\n","protected":false},"excerpt":{"rendered":"<p>Antinoticias3. Apuntarse Un Tanto Aunque Sea En Propia Porter\u00eda \u201cGran imagen de Espa\u00f1a en el salvamiento de los afganos que ayudaron al ej\u00e9rcito espa\u00f1ol\u201d, que maravilla, somos los mejores, hasta el propio anciano mequetrefe de Baiden, nos ha acariciado la cabeza, como perritos obedientes. \u00bfCu\u00e1ntos hemos salvado?, no lo s\u00e9, pero lo que si estoy &hellip; <\/p>\n<p class=\"link-more\"><a href=\"https:\/\/pedrocasiano.es\/?page_id=1577\" class=\"more-link\">Leer m\u00e1s<span class=\"screen-reader-text\"> \u00abAntinoticias 3\u00bb<\/span><\/a><\/p>\n","protected":false},"author":1,"featured_media":0,"parent":0,"menu_order":0,"comment_status":"closed","ping_status":"closed","template":"","meta":{"inspiro_hide_title":false,"footnotes":""},"class_list":["post-1577","page","type-page","status-publish","hentry"],"featured_media_urls":[],"_links":{"self":[{"href":"https:\/\/pedrocasiano.es\/index.php?rest_route=\/wp\/v2\/pages\/1577","targetHints":{"allow":["GET"]}}],"collection":[{"href":"https:\/\/pedrocasiano.es\/index.php?rest_route=\/wp\/v2\/pages"}],"about":[{"href":"https:\/\/pedrocasiano.es\/index.php?rest_route=\/wp\/v2\/types\/page"}],"author":[{"embeddable":true,"href":"https:\/\/pedrocasiano.es\/index.php?rest_route=\/wp\/v2\/users\/1"}],"replies":[{"embeddable":true,"href":"https:\/\/pedrocasiano.es\/index.php?rest_route=%2Fwp%2Fv2%2Fcomments&post=1577"}],"version-history":[{"count":4,"href":"https:\/\/pedrocasiano.es\/index.php?rest_route=\/wp\/v2\/pages\/1577\/revisions"}],"predecessor-version":[{"id":5765,"href":"https:\/\/pedrocasiano.es\/index.php?rest_route=\/wp\/v2\/pages\/1577\/revisions\/5765"}],"wp:attachment":[{"href":"https:\/\/pedrocasiano.es\/index.php?rest_route=%2Fwp%2Fv2%2Fmedia&parent=1577"}],"curies":[{"name":"wp","href":"https:\/\/api.w.org\/{rel}","templated":true}]}}