{"id":152,"date":"2024-02-15T05:28:32","date_gmt":"2024-02-15T05:28:32","guid":{"rendered":"https:\/\/pedrocasiano.es\/?page_id=152"},"modified":"2024-07-08T16:54:51","modified_gmt":"2024-07-08T16:54:51","slug":"el-lardo-camino-a-casa","status":"publish","type":"page","link":"https:\/\/pedrocasiano.es\/?page_id=152","title":{"rendered":"El Largo Camino a Casa"},"content":{"rendered":"\n<div class=\"wp-block-media-text is-stacked-on-mobile\"><figure class=\"wp-block-media-text__media\"><img decoding=\"async\" width=\"533\" height=\"800\" data-src=\"https:\/\/pedrocasiano.es\/wp-content\/uploads\/2024\/03\/Portada-Pablo-y-Rosa-9_1.jpg\" alt=\"\" class=\"wp-image-6041 size-full lazyload\" src=\"data:image\/svg+xml;base64,PHN2ZyB3aWR0aD0iMSIgaGVpZ2h0PSIxIiB4bWxucz0iaHR0cDovL3d3dy53My5vcmcvMjAwMC9zdmciPjwvc3ZnPg==\" style=\"--smush-placeholder-width: 533px; --smush-placeholder-aspect-ratio: 533\/800;\" \/><\/figure><div class=\"wp-block-media-text__content\">\n<p>La gran batalla final, el precio Pablo, Rosa, quiz\u00e1s todo.<\/p>\n\n\n\n<p>Las tres lunas el misterio que Rosa ha entregado al mundo.<\/p>\n\n\n\n<p>El s\u00edmbolo de la esperanza.<\/p>\n\n\n\n<p>El ansiado Retorno, pero a qu\u00e9 precio, la vida, la muerte, quiz\u00e1s ambos.<\/p>\n\n\n\n<p>La ciudad de la corrupci\u00f3n, del dolor, de la miseria, del caos, y Pablo deber\u00e1 de entrar a sangre y fuego para destruir a aquellos que solo buscan la miseria del ser humano.<\/p>\n\n\n\n<p>Lo peor de la raza humana, los animales, los hijos del diablo, y de nuevo sangre que verter para la redenci\u00f3n, quiz\u00e1s algo mas esta vez, quedar entre la vida y la muerte.<\/p>\n\n\n\n<p>Incluso Pablo, acostumbrado a lo peor del alma humana, siente ganas de vomitar ante la delirante crueldad de aquellos que dicen que son humanos como nosotros.<\/p>\n<\/div><\/div>\n\n\n\n<figure class=\"wp-block-embed alignright is-type-rich is-provider-amazon wp-block-embed-amazon\"><div class=\"wp-block-embed__wrapper\">\n<iframe title=\"Pablo y Rosa 9. El largo camino a casa.\" type=\"text\/html\" width=\"950\" height=\"550\" frameborder=\"0\" allowfullscreen style=\"max-width:100%\" data-src=\"https:\/\/leer.amazon.es\/kp\/card?preview=inline&#038;linkCode=kpd&#038;ref_=k4w_oembed_BsjcbhKjqDjb8j&#038;asin=B0777SHGXM&#038;tag=kpembed-20\" src=\"data:image\/svg+xml;base64,PHN2ZyB3aWR0aD0iMSIgaGVpZ2h0PSIxIiB4bWxucz0iaHR0cDovL3d3dy53My5vcmcvMjAwMC9zdmciPjwvc3ZnPg==\" class=\"lazyload\" data-load-mode=\"1\"><\/iframe>\n<\/div><\/figure>\n","protected":false},"excerpt":{"rendered":"<p>La gran batalla final, el precio Pablo, Rosa, quiz\u00e1s todo. Las tres lunas el misterio que Rosa ha entregado al mundo. El s\u00edmbolo de la esperanza. El ansiado Retorno, pero a qu\u00e9 precio, la vida, la muerte, quiz\u00e1s ambos. La ciudad de la corrupci\u00f3n, del dolor, de la miseria, del caos, y Pablo deber\u00e1 de &hellip; <\/p>\n<p class=\"link-more\"><a href=\"https:\/\/pedrocasiano.es\/?page_id=152\" class=\"more-link\">Leer m\u00e1s<span class=\"screen-reader-text\"> \u00abEl Largo Camino a Casa\u00bb<\/span><\/a><\/p>\n","protected":false},"author":1,"featured_media":0,"parent":0,"menu_order":0,"comment_status":"closed","ping_status":"closed","template":"","meta":{"inspiro_hide_title":false,"footnotes":""},"class_list":["post-152","page","type-page","status-publish","hentry"],"featured_media_urls":[],"_links":{"self":[{"href":"https:\/\/pedrocasiano.es\/index.php?rest_route=\/wp\/v2\/pages\/152","targetHints":{"allow":["GET"]}}],"collection":[{"href":"https:\/\/pedrocasiano.es\/index.php?rest_route=\/wp\/v2\/pages"}],"about":[{"href":"https:\/\/pedrocasiano.es\/index.php?rest_route=\/wp\/v2\/types\/page"}],"author":[{"embeddable":true,"href":"https:\/\/pedrocasiano.es\/index.php?rest_route=\/wp\/v2\/users\/1"}],"replies":[{"embeddable":true,"href":"https:\/\/pedrocasiano.es\/index.php?rest_route=%2Fwp%2Fv2%2Fcomments&post=152"}],"version-history":[{"count":5,"href":"https:\/\/pedrocasiano.es\/index.php?rest_route=\/wp\/v2\/pages\/152\/revisions"}],"predecessor-version":[{"id":8220,"href":"https:\/\/pedrocasiano.es\/index.php?rest_route=\/wp\/v2\/pages\/152\/revisions\/8220"}],"wp:attachment":[{"href":"https:\/\/pedrocasiano.es\/index.php?rest_route=%2Fwp%2Fv2%2Fmedia&parent=152"}],"curies":[{"name":"wp","href":"https:\/\/api.w.org\/{rel}","templated":true}]}}