{"id":14550,"date":"2025-07-24T10:50:53","date_gmt":"2025-07-24T08:50:53","guid":{"rendered":"https:\/\/pedrocasiano.es\/?page_id=14550"},"modified":"2026-03-31T10:40:08","modified_gmt":"2026-03-31T08:40:08","slug":"vigesimo-tercera","status":"publish","type":"page","link":"https:\/\/pedrocasiano.es\/?page_id=14550","title":{"rendered":"Vig\u00e9simo Tercera"},"content":{"rendered":"\n<div class=\"wp-block-cover alignfull has-custom-content-position is-position-top-left\"><img decoding=\"async\" width=\"1024\" height=\"698\" class=\"wp-block-cover__image-background wp-image-14551 size-full lazyload\" alt=\"\" data-src=\"https:\/\/pedrocasiano.es\/wp-content\/uploads\/2025\/07\/ai-generated-8087658cortadapeque.jpg\" data-object-fit=\"cover\" src=\"data:image\/svg+xml;base64,PHN2ZyB3aWR0aD0iMSIgaGVpZ2h0PSIxIiB4bWxucz0iaHR0cDovL3d3dy53My5vcmcvMjAwMC9zdmciPjwvc3ZnPg==\" style=\"--smush-placeholder-width: 1024px; --smush-placeholder-aspect-ratio: 1024\/698;\" \/><span aria-hidden=\"true\" class=\"wp-block-cover__background has-background-dim\" style=\"background-color:#7a6853\"><\/span><div class=\"wp-block-cover__inner-container has-global-padding is-layout-constrained wp-block-cover-is-layout-constrained\">\n<ul class=\"wp-block-list\">\n<li><a href=\"https:\/\/pedrocasiano.es\/?p=14451\" data-type=\"post\" data-id=\"14451\" target=\"_blank\" rel=\"noreferrer noopener\">Calles Oscuras (Rima)<\/a><\/li>\n\n\n\n<li><a href=\"https:\/\/pedrocasiano.es\/?p=14476\" data-type=\"post\" data-id=\"14476\" target=\"_blank\" rel=\"noreferrer noopener\">Si Sigue Escribiendo (Rima)<\/a><\/li>\n\n\n\n<li><a href=\"https:\/\/pedrocasiano.es\/?p=14481\" data-type=\"post\" data-id=\"14481\" target=\"_blank\" rel=\"noreferrer noopener\">Soledades de Cuarzo (Rima)<\/a><\/li>\n\n\n\n<li><a href=\"https:\/\/pedrocasiano.es\/?p=14486\" data-type=\"post\" data-id=\"14486\" target=\"_blank\" rel=\"noreferrer noopener\">Incluso Llorando (Rima)<\/a><\/li>\n\n\n\n<li><a href=\"https:\/\/pedrocasiano.es\/?p=14491\" data-type=\"post\" data-id=\"14491\" target=\"_blank\" rel=\"noreferrer noopener\">Noches Oscuras de Opacos Claros (Rima)<\/a><\/li>\n\n\n\n<li><a href=\"https:\/\/pedrocasiano.es\/?p=14496\" data-type=\"post\" data-id=\"14496\" target=\"_blank\" rel=\"noreferrer noopener\">D\u00edas de Trueno (Rima)<\/a><\/li>\n\n\n\n<li><a href=\"https:\/\/pedrocasiano.es\/?p=14503\" data-type=\"post\" data-id=\"14503\" target=\"_blank\" rel=\"noreferrer noopener\">La Noche se Llena (Rima)<\/a><\/li>\n\n\n\n<li><a href=\"https:\/\/pedrocasiano.es\/?p=14508\" data-type=\"post\" data-id=\"14508\" target=\"_blank\" rel=\"noreferrer noopener\">El Aire se Llena (Rima)<\/a><\/li>\n\n\n\n<li><a href=\"https:\/\/pedrocasiano.es\/?p=14513\" data-type=\"post\" data-id=\"14513\" target=\"_blank\" rel=\"noreferrer noopener\">Praderas Infinitas (Rima)<\/a><\/li>\n\n\n\n<li><a href=\"https:\/\/pedrocasiano.es\/?p=14518\" data-type=\"post\" data-id=\"14518\" target=\"_blank\" rel=\"noreferrer noopener\">Veo Siluetas en la Oscuridad (Rima)<\/a><\/li>\n\n\n\n<li><a href=\"https:\/\/pedrocasiano.es\/?p=14523\" data-type=\"post\" data-id=\"14523\" target=\"_blank\" rel=\"noreferrer noopener\">Rastros de Hierro (Rima)<\/a><\/li>\n\n\n\n<li><a href=\"https:\/\/pedrocasiano.es\/?p=14528\" data-type=\"post\" data-id=\"14528\" target=\"_blank\" rel=\"noreferrer noopener\">Chasquidos, Golpes (Rima)<\/a><\/li>\n\n\n\n<li><a href=\"https:\/\/pedrocasiano.es\/?p=14533\" data-type=\"post\" data-id=\"14533\" target=\"_blank\" rel=\"noreferrer noopener\">Plumas de Colores (Rima)<\/a><\/li>\n\n\n\n<li><a href=\"https:\/\/pedrocasiano.es\/?p=14565\" data-type=\"post\" data-id=\"14565\" target=\"_blank\" rel=\"noreferrer noopener\">Cuando me Haya Ido (Rima)<\/a><\/li>\n\n\n\n<li><a href=\"https:\/\/pedrocasiano.es\/?p=14570\" data-type=\"post\" data-id=\"14570\" target=\"_blank\" rel=\"noreferrer noopener\">Hoy Llueve de Nuevo (Rima)<\/a><\/li>\n\n\n\n<li><a href=\"https:\/\/pedrocasiano.es\/?p=14575\" data-type=\"post\" data-id=\"14575\" target=\"_blank\" rel=\"noreferrer noopener\">Miro Sin Ver Nada (Rima)<\/a><\/li>\n\n\n\n<li><a href=\"https:\/\/pedrocasiano.es\/?p=14580\" data-type=\"post\" data-id=\"14580\" target=\"_blank\" rel=\"noreferrer noopener\">No Ceso de Escribir (Rima)<\/a><\/li>\n\n\n\n<li><a href=\"https:\/\/pedrocasiano.es\/?p=14585\" data-type=\"post\" data-id=\"14585\" target=\"_blank\" rel=\"noreferrer noopener\">Sombras que se Quiebran (Rima)<\/a><\/li>\n\n\n\n<li><a href=\"https:\/\/pedrocasiano.es\/?p=14590\" data-type=\"post\" data-id=\"14590\" target=\"_blank\" rel=\"noreferrer noopener\">Im\u00e1genes Perdidas (Rima)<\/a><\/li>\n\n\n\n<li><a href=\"https:\/\/pedrocasiano.es\/?p=14595\" data-type=\"post\" data-id=\"14595\" target=\"_blank\" rel=\"noreferrer noopener\">Enciendo el Calefactor (Rima)<\/a><\/li>\n<\/ul>\n\n\n\n<p><strong>Todos los Derechos Reservados<\/strong><\/p>\n\n\n\n<p><strong>\u201cEstas novelas, publicaciones y dem\u00e1s, son obras de ficci\u00f3n. Los nombres, personajes, lugares e incidentes son producto de la imaginaci\u00f3n del autor o son utilizados de manera ficticia. Cualquier parecido con personas, vivas o muertas, o sucesos reales es pura coincidencia.\u201d<\/strong><\/p>\n<\/div><\/div>\n","protected":false},"excerpt":{"rendered":"","protected":false},"author":1,"featured_media":0,"parent":0,"menu_order":0,"comment_status":"closed","ping_status":"closed","template":"","meta":{"inspiro_hide_title":false,"footnotes":""},"class_list":["post-14550","page","type-page","status-publish","hentry"],"featured_media_urls":[],"_links":{"self":[{"href":"https:\/\/pedrocasiano.es\/index.php?rest_route=\/wp\/v2\/pages\/14550","targetHints":{"allow":["GET"]}}],"collection":[{"href":"https:\/\/pedrocasiano.es\/index.php?rest_route=\/wp\/v2\/pages"}],"about":[{"href":"https:\/\/pedrocasiano.es\/index.php?rest_route=\/wp\/v2\/types\/page"}],"author":[{"embeddable":true,"href":"https:\/\/pedrocasiano.es\/index.php?rest_route=\/wp\/v2\/users\/1"}],"replies":[{"embeddable":true,"href":"https:\/\/pedrocasiano.es\/index.php?rest_route=%2Fwp%2Fv2%2Fcomments&post=14550"}],"version-history":[{"count":8,"href":"https:\/\/pedrocasiano.es\/index.php?rest_route=\/wp\/v2\/pages\/14550\/revisions"}],"predecessor-version":[{"id":16466,"href":"https:\/\/pedrocasiano.es\/index.php?rest_route=\/wp\/v2\/pages\/14550\/revisions\/16466"}],"wp:attachment":[{"href":"https:\/\/pedrocasiano.es\/index.php?rest_route=%2Fwp%2Fv2%2Fmedia&parent=14550"}],"curies":[{"name":"wp","href":"https:\/\/api.w.org\/{rel}","templated":true}]}}