{"id":13346,"date":"2025-03-21T06:51:29","date_gmt":"2025-03-21T06:51:29","guid":{"rendered":"https:\/\/pedrocasiano.es\/?page_id=13346"},"modified":"2026-04-02T10:18:01","modified_gmt":"2026-04-02T08:18:01","slug":"oscuros-v","status":"publish","type":"page","link":"https:\/\/pedrocasiano.es\/?page_id=13346","title":{"rendered":"Oscuros V"},"content":{"rendered":"\n<div class=\"wp-block-cover alignfull has-custom-content-position is-position-top-left\"><img decoding=\"async\" width=\"1024\" height=\"683\" class=\"wp-block-cover__image-background wp-image-13347 lazyload\" alt=\"\" data-src=\"https:\/\/pedrocasiano.es\/wp-content\/uploads\/2025\/03\/ai-generated-8406001peque.jpg\" data-object-fit=\"cover\" data-srcset=\"https:\/\/pedrocasiano.es\/wp-content\/uploads\/2025\/03\/ai-generated-8406001peque.jpg 1024w, https:\/\/pedrocasiano.es\/wp-content\/uploads\/2025\/03\/ai-generated-8406001peque-600x400.jpg 600w\" data-sizes=\"(max-width: 1024px) 100vw, 1024px\" src=\"data:image\/svg+xml;base64,PHN2ZyB3aWR0aD0iMSIgaGVpZ2h0PSIxIiB4bWxucz0iaHR0cDovL3d3dy53My5vcmcvMjAwMC9zdmciPjwvc3ZnPg==\" style=\"--smush-placeholder-width: 1024px; --smush-placeholder-aspect-ratio: 1024\/683;\" \/><span aria-hidden=\"true\" class=\"wp-block-cover__background has-background-dim\" style=\"background-color:#2e3137\"><\/span><div class=\"wp-block-cover__inner-container has-global-padding is-layout-constrained wp-block-cover-is-layout-constrained\">\n<ul class=\"wp-block-list\">\n<li><a href=\"https:\/\/pedrocasiano.es\/?p=12979\" data-type=\"post\" data-id=\"12979\" target=\"_blank\" rel=\"noreferrer noopener\">Canciones de Ni\u00f1os<\/a><\/li>\n\n\n\n<li><a href=\"https:\/\/pedrocasiano.es\/?p=12986\" data-type=\"post\" data-id=\"12986\" target=\"_blank\" rel=\"noreferrer noopener\">Recuerdo a mi Abuelo<\/a><\/li>\n\n\n\n<li><a href=\"https:\/\/pedrocasiano.es\/?p=12991\" data-type=\"post\" data-id=\"12991\" target=\"_blank\" rel=\"noreferrer noopener\">Cuando Dios Creo el Para\u00edso<\/a><\/li>\n\n\n\n<li><a href=\"https:\/\/pedrocasiano.es\/?p=12996\" data-type=\"post\" data-id=\"12996\" target=\"_blank\" rel=\"noreferrer noopener\">A\u00fan no Amanece<\/a><\/li>\n\n\n\n<li><a href=\"https:\/\/pedrocasiano.es\/?p=13001\" data-type=\"post\" data-id=\"13001\" target=\"_blank\" rel=\"noreferrer noopener\">Una Ma\u00f1ana Cualquiera<\/a><\/li>\n\n\n\n<li><a href=\"https:\/\/pedrocasiano.es\/?p=13006\" data-type=\"post\" data-id=\"13006\" target=\"_blank\" rel=\"noreferrer noopener\">Hace Fr\u00edo<\/a><\/li>\n\n\n\n<li><a href=\"https:\/\/pedrocasiano.es\/?p=13011\" data-type=\"post\" data-id=\"13011\" target=\"_blank\" rel=\"noreferrer noopener\">El Color, siempre el Color<\/a><\/li>\n\n\n\n<li><a href=\"https:\/\/pedrocasiano.es\/?p=13016\" data-type=\"post\" data-id=\"13016\" target=\"_blank\" rel=\"noreferrer noopener\">Manos Fr\u00edas<\/a><\/li>\n\n\n\n<li><a href=\"https:\/\/pedrocasiano.es\/?p=13021\" data-type=\"post\" data-id=\"13021\" target=\"_blank\" rel=\"noreferrer noopener\">Amanece de Nuevo<\/a><\/li>\n\n\n\n<li><a href=\"https:\/\/pedrocasiano.es\/?p=13026\" data-type=\"post\" data-id=\"13026\" target=\"_blank\" rel=\"noreferrer noopener\">Ventanas, Solo Veo Ventanas<\/a><\/li>\n\n\n\n<li><a href=\"https:\/\/pedrocasiano.es\/?p=13034\" data-type=\"post\" data-id=\"13034\" target=\"_blank\" rel=\"noreferrer noopener\">Cielos Encapotados<\/a><\/li>\n\n\n\n<li><a href=\"https:\/\/pedrocasiano.es\/?p=13039\" data-type=\"post\" data-id=\"13039\" target=\"_blank\" rel=\"noreferrer noopener\">Caminos de Cambio<\/a><\/li>\n\n\n\n<li><a href=\"https:\/\/pedrocasiano.es\/?p=13044\" data-type=\"post\" data-id=\"13044\" target=\"_blank\" rel=\"noreferrer noopener\">Calles Vac\u00edas<\/a><\/li>\n\n\n\n<li><a href=\"https:\/\/pedrocasiano.es\/?p=13049\" data-type=\"post\" data-id=\"13049\" target=\"_blank\" rel=\"noreferrer noopener\">Autobuses de Color Verde<\/a><\/li>\n\n\n\n<li><a href=\"https:\/\/pedrocasiano.es\/?p=13054\" data-type=\"post\" data-id=\"13054\" target=\"_blank\" rel=\"noreferrer noopener\">Playas A\u00f1oro<\/a><\/li>\n\n\n\n<li><a href=\"https:\/\/pedrocasiano.es\/?p=13070\" data-type=\"post\" data-id=\"13070\" target=\"_blank\" rel=\"noreferrer noopener\">Tardes de Paseo<\/a><\/li>\n\n\n\n<li><a href=\"https:\/\/pedrocasiano.es\/?p=13075\" data-type=\"post\" data-id=\"13075\" target=\"_blank\" rel=\"noreferrer noopener\">De Nuevo Aqu\u00ed<\/a><\/li>\n\n\n\n<li><a href=\"https:\/\/pedrocasiano.es\/?p=13080\" data-type=\"post\" data-id=\"13080\" target=\"_blank\" rel=\"noreferrer noopener\">Ya es la Hora<\/a><\/li>\n\n\n\n<li><a href=\"https:\/\/pedrocasiano.es\/?p=11135\" data-type=\"post\" data-id=\"11135\">Historias que Contar<\/a><\/li>\n\n\n\n<li><a href=\"https:\/\/pedrocasiano.es\/?p=13090\" data-type=\"post\" data-id=\"13090\" target=\"_blank\" rel=\"noreferrer noopener\">Soledades, Abandonos<\/a><\/li>\n<\/ul>\n\n\n\n<p><strong>Todos los Derechos Reservados<\/strong><\/p>\n\n\n\n<p class=\"has-text-align-center\"><strong>\u201cEstas novelas, publicaciones y dem\u00e1s, son obras de ficci\u00f3n. Los nombres, personajes, lugares e incidentes son producto de la imaginaci\u00f3n del autor o son utilizados de manera ficticia. Cualquier parecido con personas, vivas o muertas, o sucesos reales es pura coincidencia.\u201d<\/strong><\/p>\n<\/div><\/div>\n\n\n\n<p><\/p>\n","protected":false},"excerpt":{"rendered":"","protected":false},"author":1,"featured_media":0,"parent":0,"menu_order":0,"comment_status":"closed","ping_status":"closed","template":"","meta":{"inspiro_hide_title":false,"footnotes":""},"class_list":["post-13346","page","type-page","status-publish","hentry"],"featured_media_urls":[],"_links":{"self":[{"href":"https:\/\/pedrocasiano.es\/index.php?rest_route=\/wp\/v2\/pages\/13346","targetHints":{"allow":["GET"]}}],"collection":[{"href":"https:\/\/pedrocasiano.es\/index.php?rest_route=\/wp\/v2\/pages"}],"about":[{"href":"https:\/\/pedrocasiano.es\/index.php?rest_route=\/wp\/v2\/types\/page"}],"author":[{"embeddable":true,"href":"https:\/\/pedrocasiano.es\/index.php?rest_route=\/wp\/v2\/users\/1"}],"replies":[{"embeddable":true,"href":"https:\/\/pedrocasiano.es\/index.php?rest_route=%2Fwp%2Fv2%2Fcomments&post=13346"}],"version-history":[{"count":10,"href":"https:\/\/pedrocasiano.es\/index.php?rest_route=\/wp\/v2\/pages\/13346\/revisions"}],"predecessor-version":[{"id":16630,"href":"https:\/\/pedrocasiano.es\/index.php?rest_route=\/wp\/v2\/pages\/13346\/revisions\/16630"}],"wp:attachment":[{"href":"https:\/\/pedrocasiano.es\/index.php?rest_route=%2Fwp%2Fv2%2Fmedia&parent=13346"}],"curies":[{"name":"wp","href":"https:\/\/api.w.org\/{rel}","templated":true}]}}