{"id":13339,"date":"2025-03-21T06:47:13","date_gmt":"2025-03-21T06:47:13","guid":{"rendered":"https:\/\/pedrocasiano.es\/?page_id=13339"},"modified":"2026-03-31T10:38:14","modified_gmt":"2026-03-31T08:38:14","slug":"decimoctava","status":"publish","type":"page","link":"https:\/\/pedrocasiano.es\/?page_id=13339","title":{"rendered":"Decimoctava"},"content":{"rendered":"\n<div class=\"wp-block-cover alignfull is-light has-custom-content-position is-position-top-left\" style=\"min-height:601px;aspect-ratio:unset;\"><img decoding=\"async\" width=\"1024\" height=\"837\" class=\"wp-block-cover__image-background wp-image-13340 lazyload\" alt=\"\" data-src=\"https:\/\/pedrocasiano.es\/wp-content\/uploads\/2025\/03\/girl-9271710peque-rotated.jpg\" data-object-fit=\"cover\" src=\"data:image\/svg+xml;base64,PHN2ZyB3aWR0aD0iMSIgaGVpZ2h0PSIxIiB4bWxucz0iaHR0cDovL3d3dy53My5vcmcvMjAwMC9zdmciPjwvc3ZnPg==\" style=\"--smush-placeholder-width: 1024px; --smush-placeholder-aspect-ratio: 1024\/837;\" \/><span aria-hidden=\"true\" class=\"wp-block-cover__background has-background-dim\" style=\"background-color:#9a9087\"><\/span><div class=\"wp-block-cover__inner-container has-global-padding is-layout-constrained wp-block-cover-is-layout-constrained\">\n<ul class=\"wp-block-list\">\n<li><a href=\"https:\/\/pedrocasiano.es\/?p=12829\" data-type=\"post\" data-id=\"12829\" target=\"_blank\" rel=\"noreferrer noopener\">Historias de Noche Cerrada (Rima)<\/a><\/li>\n\n\n\n<li><a href=\"https:\/\/pedrocasiano.es\/?p=12835\" data-type=\"post\" data-id=\"12835\" target=\"_blank\" rel=\"noreferrer noopener\">Hoy Recuerdo Aquellos Tiempos (Rima)<\/a><\/li>\n\n\n\n<li><a href=\"https:\/\/pedrocasiano.es\/?p=12938\" data-type=\"post\" data-id=\"12938\" target=\"_blank\" rel=\"noreferrer noopener\">Hoy la lluvia (Rima)<\/a><\/li>\n\n\n\n<li><a href=\"https:\/\/pedrocasiano.es\/?p=12943\" data-type=\"post\" data-id=\"12943\" target=\"_blank\" rel=\"noreferrer noopener\">Cuando la Vida se Desvanece (Rima)<\/a><\/li>\n\n\n\n<li><a href=\"https:\/\/pedrocasiano.es\/?p=12948\" data-type=\"post\" data-id=\"12948\" target=\"_blank\" rel=\"noreferrer noopener\">Cristales de Colores (Rima)<\/a><\/li>\n\n\n\n<li><a href=\"https:\/\/pedrocasiano.es\/?p=12953\" data-type=\"post\" data-id=\"12953\" target=\"_blank\" rel=\"noreferrer noopener\">Escribo, Escribo sin Parar (Rima)<\/a><\/li>\n\n\n\n<li><a href=\"https:\/\/pedrocasiano.es\/?p=12958\" data-type=\"post\" data-id=\"12958\" target=\"_blank\" rel=\"noreferrer noopener\">Suspiros de Tarde que se Acaba (Rima)<\/a><\/li>\n\n\n\n<li><a href=\"https:\/\/pedrocasiano.es\/?p=12963\" data-type=\"post\" data-id=\"12963\" target=\"_blank\" rel=\"noreferrer noopener\">La Vida son Rel\u00e1mpagos (Rima)<\/a><\/li>\n\n\n\n<li><a href=\"https:\/\/pedrocasiano.es\/?p=12968\" data-type=\"post\" data-id=\"12968\" target=\"_blank\" rel=\"noreferrer noopener\">Rescoldos que Quedan (Rima)<\/a><\/li>\n\n\n\n<li><a href=\"https:\/\/pedrocasiano.es\/?p=12977\" data-type=\"post\" data-id=\"12977\" target=\"_blank\" rel=\"noreferrer noopener\">Tiempos Marcados por el Odio (Rima)<\/a><\/li>\n\n\n\n<li><a href=\"https:\/\/pedrocasiano.es\/?p=12982\" data-type=\"post\" data-id=\"12982\" target=\"_blank\" rel=\"noreferrer noopener\">Canciones de Ni\u00f1os (Rima)<\/a><\/li>\n\n\n\n<li><a href=\"https:\/\/pedrocasiano.es\/?p=12989\" data-type=\"post\" data-id=\"12989\" target=\"_blank\" rel=\"noreferrer noopener\">Recuerdo a mi Abuelo (Rima)<\/a><\/li>\n\n\n\n<li><a href=\"https:\/\/pedrocasiano.es\/?p=12994\" data-type=\"post\" data-id=\"12994\" target=\"_blank\" rel=\"noreferrer noopener\">Cuando Dios Creo el Para\u00edso (Rima)<\/a><\/li>\n\n\n\n<li><a href=\"https:\/\/pedrocasiano.es\/?p=12999\" data-type=\"post\" data-id=\"12999\" target=\"_blank\" rel=\"noreferrer noopener\">A\u00fan no Amanece (Rima)<\/a><\/li>\n\n\n\n<li><a href=\"https:\/\/pedrocasiano.es\/?p=13004\" data-type=\"post\" data-id=\"13004\" target=\"_blank\" rel=\"noreferrer noopener\">Una Ma\u00f1ana Cualquiera (Rima)<\/a><\/li>\n\n\n\n<li><a href=\"https:\/\/pedrocasiano.es\/?p=13009\" data-type=\"post\" data-id=\"13009\" target=\"_blank\" rel=\"noreferrer noopener\">Hace Fr\u00edo (Rima)<\/a><\/li>\n\n\n\n<li><a href=\"https:\/\/pedrocasiano.es\/?p=13014\" data-type=\"post\" data-id=\"13014\" target=\"_blank\" rel=\"noreferrer noopener\">El Color, siempre el Color (Rima)<\/a><\/li>\n\n\n\n<li><a href=\"https:\/\/pedrocasiano.es\/?p=13019\" data-type=\"post\" data-id=\"13019\" target=\"_blank\" rel=\"noreferrer noopener\">Manos Fr\u00edas (Rima)<\/a><\/li>\n\n\n\n<li><a href=\"https:\/\/pedrocasiano.es\/?p=13024\" data-type=\"post\" data-id=\"13024\" target=\"_blank\" rel=\"noreferrer noopener\">Amanece de Nuevo (Rima)<\/a><\/li>\n\n\n\n<li><a href=\"https:\/\/pedrocasiano.es\/?p=13029\" data-type=\"post\" data-id=\"13029\" target=\"_blank\" rel=\"noreferrer noopener\">Ventanas, Solo Veo Ventanas (Rima)<\/a><\/li>\n<\/ul>\n\n\n\n<p><strong>Todos los Derechos Reservados<\/strong><\/p>\n\n\n\n<p><strong>\u201cEstas novelas, publicaciones y dem\u00e1s, son obras de ficci\u00f3n. Los nombres, personajes, lugares e incidentes son producto de la imaginaci\u00f3n del autor o son utilizados de manera ficticia. Cualquier parecido con personas, vivas o muertas, o sucesos reales es pura coincidencia.\u201d<\/strong><\/p>\n<\/div><\/div>\n","protected":false},"excerpt":{"rendered":"","protected":false},"author":1,"featured_media":0,"parent":0,"menu_order":0,"comment_status":"closed","ping_status":"closed","template":"","meta":{"inspiro_hide_title":false,"footnotes":""},"class_list":["post-13339","page","type-page","status-publish","hentry"],"featured_media_urls":[],"_links":{"self":[{"href":"https:\/\/pedrocasiano.es\/index.php?rest_route=\/wp\/v2\/pages\/13339","targetHints":{"allow":["GET"]}}],"collection":[{"href":"https:\/\/pedrocasiano.es\/index.php?rest_route=\/wp\/v2\/pages"}],"about":[{"href":"https:\/\/pedrocasiano.es\/index.php?rest_route=\/wp\/v2\/types\/page"}],"author":[{"embeddable":true,"href":"https:\/\/pedrocasiano.es\/index.php?rest_route=\/wp\/v2\/users\/1"}],"replies":[{"embeddable":true,"href":"https:\/\/pedrocasiano.es\/index.php?rest_route=%2Fwp%2Fv2%2Fcomments&post=13339"}],"version-history":[{"count":13,"href":"https:\/\/pedrocasiano.es\/index.php?rest_route=\/wp\/v2\/pages\/13339\/revisions"}],"predecessor-version":[{"id":16461,"href":"https:\/\/pedrocasiano.es\/index.php?rest_route=\/wp\/v2\/pages\/13339\/revisions\/16461"}],"wp:attachment":[{"href":"https:\/\/pedrocasiano.es\/index.php?rest_route=%2Fwp%2Fv2%2Fmedia&parent=13339"}],"curies":[{"name":"wp","href":"https:\/\/api.w.org\/{rel}","templated":true}]}}