{"id":12910,"date":"2025-02-10T08:07:18","date_gmt":"2025-02-10T08:07:18","guid":{"rendered":"https:\/\/pedrocasiano.es\/?page_id=12910"},"modified":"2026-03-31T10:37:33","modified_gmt":"2026-03-31T08:37:33","slug":"decimosexta","status":"publish","type":"page","link":"https:\/\/pedrocasiano.es\/?page_id=12910","title":{"rendered":"Decimosexta"},"content":{"rendered":"\n<div class=\"wp-block-cover alignfull has-custom-content-position is-position-top-left\" style=\"min-height:100vh;aspect-ratio:unset;\"><img decoding=\"async\" width=\"1024\" height=\"771\" class=\"wp-block-cover__image-background wp-image-12911 lazyload\" alt=\"\" data-src=\"https:\/\/pedrocasiano.es\/wp-content\/uploads\/2025\/02\/ai-generated-9159114peque.jpg\" data-object-fit=\"cover\" src=\"data:image\/svg+xml;base64,PHN2ZyB3aWR0aD0iMSIgaGVpZ2h0PSIxIiB4bWxucz0iaHR0cDovL3d3dy53My5vcmcvMjAwMC9zdmciPjwvc3ZnPg==\" style=\"--smush-placeholder-width: 1024px; --smush-placeholder-aspect-ratio: 1024\/771;\" \/><span aria-hidden=\"true\" class=\"wp-block-cover__background has-background-dim\" style=\"background-color:#786756\"><\/span><div class=\"wp-block-cover__inner-container has-global-padding is-layout-constrained wp-block-cover-is-layout-constrained\">\n<ul class=\"wp-block-list\">\n<li><a href=\"https:\/\/pedrocasiano.es\/?p=11961\" data-type=\"post\" data-id=\"11961\" target=\"_blank\" rel=\"noreferrer noopener\">Ha Cambiado el Tiempo (Rima)<\/a><\/li>\n\n\n\n<li><a href=\"https:\/\/pedrocasiano.es\/?p=11968\" data-type=\"post\" data-id=\"11968\" target=\"_blank\" rel=\"noreferrer noopener\">Sombras de Tiempos Pasados (Rima)<\/a><\/li>\n\n\n\n<li><a href=\"https:\/\/pedrocasiano.es\/?p=12902\" data-type=\"post\" data-id=\"12902\" target=\"_blank\" rel=\"noreferrer noopener\">Hoy, en mi Cabeza Mir\u00e9 (Rima)<\/a><\/li>\n\n\n\n<li><a href=\"https:\/\/pedrocasiano.es\/?p=11983\" data-type=\"post\" data-id=\"11983\" target=\"_blank\" rel=\"noreferrer noopener\">Canciones de Mundos Extra\u00f1os (Rima)<\/a><\/li>\n\n\n\n<li><a href=\"https:\/\/pedrocasiano.es\/?p=12528\" data-type=\"post\" data-id=\"12528\" target=\"_blank\" rel=\"noreferrer noopener\">Oigo la Bella Voz (Rima)<\/a><\/li>\n\n\n\n<li><a href=\"https:\/\/pedrocasiano.es\/?p=12533\" data-type=\"post\" data-id=\"12533\" target=\"_blank\" rel=\"noreferrer noopener\">El Ritmo de las Canciones (Rima)<\/a><\/li>\n\n\n\n<li><a href=\"https:\/\/pedrocasiano.es\/?p=12538\" data-type=\"post\" data-id=\"12538\" target=\"_blank\" rel=\"noreferrer noopener\">Siempre hay Nubes (Rima)<\/a><\/li>\n\n\n\n<li><a href=\"https:\/\/pedrocasiano.es\/?p=12543\" data-type=\"post\" data-id=\"12543\" target=\"_blank\" rel=\"noreferrer noopener\">El Calor, que Huye (Rima)<\/a><\/li>\n\n\n\n<li><a href=\"https:\/\/pedrocasiano.es\/?p=12548\" data-type=\"post\" data-id=\"12548\" target=\"_blank\" rel=\"noreferrer noopener\">Tiempos Oscuros (Rima)<\/a><\/li>\n\n\n\n<li><a href=\"https:\/\/pedrocasiano.es\/?p=12564\" data-type=\"post\" data-id=\"12564\" target=\"_blank\" rel=\"noreferrer noopener\">Cansado, Como si Hubiera Hecho Todo (Rima)<\/a><\/li>\n\n\n\n<li><a href=\"https:\/\/pedrocasiano.es\/?p=12569\" data-type=\"post\" data-id=\"12569\" target=\"_blank\" rel=\"noreferrer noopener\">Azares del Tiempo (Rima)<\/a><\/li>\n\n\n\n<li><a href=\"https:\/\/pedrocasiano.es\/?p=12574\" data-type=\"post\" data-id=\"12574\" target=\"_blank\" rel=\"noreferrer noopener\">Soledades, Murmullos (Rima)<\/a><\/li>\n\n\n\n<li><a href=\"https:\/\/pedrocasiano.es\/?p=12579\" data-type=\"post\" data-id=\"12579\" target=\"_blank\" rel=\"noreferrer noopener\">Cansancio (Rima)<\/a><\/li>\n\n\n\n<li><a href=\"https:\/\/pedrocasiano.es\/?p=12584\" data-type=\"post\" data-id=\"12584\" target=\"_blank\" rel=\"noreferrer noopener\">Suspiros Huecos (Rima)<\/a><\/li>\n\n\n\n<li><a href=\"https:\/\/pedrocasiano.es\/?p=12589\" data-type=\"post\" data-id=\"12589\" target=\"_blank\" rel=\"noreferrer noopener\">Vientos Muertos (Rima)<\/a><\/li>\n\n\n\n<li><a href=\"https:\/\/pedrocasiano.es\/?p=12591\" data-type=\"post\" data-id=\"12591\" target=\"_blank\" rel=\"noreferrer noopener\">D\u00edas de Ca\u00edn (Rima)<\/a><\/li>\n\n\n\n<li><a href=\"https:\/\/pedrocasiano.es\/?p=12266\" data-type=\"post\" data-id=\"12266\" target=\"_blank\" rel=\"noreferrer noopener\">Tiempos Convulsos (Rima)<\/a><\/li>\n\n\n\n<li><a href=\"https:\/\/pedrocasiano.es\/?p=12633\" data-type=\"post\" data-id=\"12633\" target=\"_blank\" rel=\"noreferrer noopener\">Canciones Desesperadas (Rima)<\/a><\/li>\n\n\n\n<li><a href=\"https:\/\/pedrocasiano.es\/?p=12638\" data-type=\"post\" data-id=\"12638\" target=\"_blank\" rel=\"noreferrer noopener\">Lunas de Colores (Rima)<\/a><\/li>\n\n\n\n<li><a href=\"https:\/\/pedrocasiano.es\/?p=12643\" data-type=\"post\" data-id=\"12643\" target=\"_blank\" rel=\"noreferrer noopener\">D\u00edas de Sue\u00f1os Muertos (Rima)<\/a><\/li>\n<\/ul>\n\n\n\n<p><strong>Todos los Derechos Reservados<\/strong><\/p>\n\n\n\n<p><strong>\u201cEstas novelas, publicaciones y dem\u00e1s, son obras de ficci\u00f3n. Los nombres, personajes, lugares e incidentes son producto de la imaginaci\u00f3n del autor o son utilizados de manera ficticia. Cualquier parecido con personas, vivas o muertas, o sucesos reales es pura coincidencia.\u201d<\/strong><\/p>\n<\/div><\/div>\n","protected":false},"excerpt":{"rendered":"","protected":false},"author":1,"featured_media":0,"parent":0,"menu_order":0,"comment_status":"closed","ping_status":"closed","template":"","meta":{"inspiro_hide_title":false,"footnotes":""},"class_list":["post-12910","page","type-page","status-publish","hentry"],"featured_media_urls":[],"_links":{"self":[{"href":"https:\/\/pedrocasiano.es\/index.php?rest_route=\/wp\/v2\/pages\/12910","targetHints":{"allow":["GET"]}}],"collection":[{"href":"https:\/\/pedrocasiano.es\/index.php?rest_route=\/wp\/v2\/pages"}],"about":[{"href":"https:\/\/pedrocasiano.es\/index.php?rest_route=\/wp\/v2\/types\/page"}],"author":[{"embeddable":true,"href":"https:\/\/pedrocasiano.es\/index.php?rest_route=\/wp\/v2\/users\/1"}],"replies":[{"embeddable":true,"href":"https:\/\/pedrocasiano.es\/index.php?rest_route=%2Fwp%2Fv2%2Fcomments&post=12910"}],"version-history":[{"count":12,"href":"https:\/\/pedrocasiano.es\/index.php?rest_route=\/wp\/v2\/pages\/12910\/revisions"}],"predecessor-version":[{"id":16459,"href":"https:\/\/pedrocasiano.es\/index.php?rest_route=\/wp\/v2\/pages\/12910\/revisions\/16459"}],"wp:attachment":[{"href":"https:\/\/pedrocasiano.es\/index.php?rest_route=%2Fwp%2Fv2%2Fmedia&parent=12910"}],"curies":[{"name":"wp","href":"https:\/\/api.w.org\/{rel}","templated":true}]}}