{"id":11658,"date":"2024-10-23T07:53:00","date_gmt":"2024-10-23T07:53:00","guid":{"rendered":"https:\/\/pedrocasiano.es\/?page_id=11658"},"modified":"2026-03-31T10:35:43","modified_gmt":"2026-03-31T08:35:43","slug":"duodecima","status":"publish","type":"page","link":"https:\/\/pedrocasiano.es\/?page_id=11658","title":{"rendered":"Duod\u00e9cima"},"content":{"rendered":"\n<div class=\"wp-block-cover alignfull has-custom-content-position is-position-top-left\"><img decoding=\"async\" width=\"1200\" height=\"686\" class=\"wp-block-cover__image-background wp-image-11659 lazyload\" alt=\"\" data-src=\"https:\/\/pedrocasiano.es\/wp-content\/uploads\/2024\/10\/ai-generated-8958993_12100.jpg\" data-object-fit=\"cover\" src=\"data:image\/svg+xml;base64,PHN2ZyB3aWR0aD0iMSIgaGVpZ2h0PSIxIiB4bWxucz0iaHR0cDovL3d3dy53My5vcmcvMjAwMC9zdmciPjwvc3ZnPg==\" style=\"--smush-placeholder-width: 1200px; --smush-placeholder-aspect-ratio: 1200\/686;\" \/><span aria-hidden=\"true\" class=\"wp-block-cover__background has-background-dim\" style=\"background-color:#5b4e3b\"><\/span><div class=\"wp-block-cover__inner-container has-global-padding is-layout-constrained wp-block-cover-is-layout-constrained\">\n<ul class=\"wp-block-list\">\n<li><a href=\"https:\/\/pedrocasiano.es\/?p=11528\" data-type=\"post\" data-id=\"11528\" target=\"_blank\" rel=\"noreferrer noopener\">Hoy es D\u00eda Claro (Rima)<\/a><\/li>\n\n\n\n<li><a href=\"https:\/\/pedrocasiano.es\/?p=11535\" data-type=\"post\" data-id=\"11535\" target=\"_blank\" rel=\"noreferrer noopener\">Cansado, Hastiado (Rima)<\/a><\/li>\n\n\n\n<li><a href=\"https:\/\/pedrocasiano.es\/?p=11541\" data-type=\"post\" data-id=\"11541\" target=\"_blank\" rel=\"noreferrer noopener\">El D\u00eda se Acaba (Rima)<\/a><\/li>\n\n\n\n<li><a href=\"https:\/\/pedrocasiano.es\/?p=11630\" data-type=\"post\" data-id=\"11630\" target=\"_blank\" rel=\"noreferrer noopener\">Anochecida (Rima)<\/a><\/li>\n\n\n\n<li><a href=\"https:\/\/pedrocasiano.es\/?p=11637\" data-type=\"post\" data-id=\"11637\" target=\"_blank\" rel=\"noreferrer noopener\">Amaneceres (Rima)<\/a><\/li>\n\n\n\n<li><a href=\"https:\/\/pedrocasiano.es\/?p=11649\" data-type=\"post\" data-id=\"11649\" target=\"_blank\" rel=\"noreferrer noopener\">Canciones de Amor (Rima)<\/a><\/li>\n\n\n\n<li><a href=\"https:\/\/pedrocasiano.es\/?p=11713\" data-type=\"post\" data-id=\"11713\" target=\"_blank\" rel=\"noreferrer noopener\">Fantasmas de Sue\u00f1os (Rima)<\/a><\/li>\n\n\n\n<li><a href=\"https:\/\/pedrocasiano.es\/?p=11719\" data-type=\"post\" data-id=\"11719\" target=\"_blank\" rel=\"noreferrer noopener\">Hoy te he Visto por la Calle (Rima)<\/a><\/li>\n\n\n\n<li><a href=\"https:\/\/pedrocasiano.es\/?p=11736\" data-type=\"post\" data-id=\"11736\" target=\"_blank\" rel=\"noreferrer noopener\">Pasan los D\u00edas (Rima)<\/a><\/li>\n\n\n\n<li><a href=\"https:\/\/pedrocasiano.es\/?p=11744\" data-type=\"post\" data-id=\"11744\" target=\"_blank\" rel=\"noreferrer noopener\">Sonr\u00ede (Rima)<\/a><\/li>\n\n\n\n<li><a href=\"https:\/\/pedrocasiano.es\/?p=11751\" data-type=\"post\" data-id=\"11751\" target=\"_blank\" rel=\"noreferrer noopener\">A Vueltas con la Vida (Rima)<\/a><\/li>\n\n\n\n<li><a href=\"https:\/\/pedrocasiano.es\/?p=11758\" data-type=\"post\" data-id=\"11758\" target=\"_blank\" rel=\"noreferrer noopener\">Una Tarde, un Momento (Rima)<\/a><\/li>\n\n\n\n<li><a href=\"https:\/\/pedrocasiano.es\/?p=11765\" data-type=\"post\" data-id=\"11765\" target=\"_blank\" rel=\"noreferrer noopener\">La Esperanza se Marchita (Rima)<\/a><\/li>\n\n\n\n<li><a href=\"https:\/\/pedrocasiano.es\/?p=11772\" data-type=\"post\" data-id=\"11772\" target=\"_blank\" rel=\"noreferrer noopener\">Veinti\u00fan Poemas (Rima)<\/a><\/li>\n\n\n\n<li><a href=\"https:\/\/pedrocasiano.es\/?p=11780\" data-type=\"post\" data-id=\"11780\" target=\"_blank\" rel=\"noreferrer noopener\">Canciones de Amor y Guerra (Rima)<\/a><\/li>\n\n\n\n<li><a href=\"https:\/\/pedrocasiano.es\/?p=11787\" data-type=\"post\" data-id=\"11787\" target=\"_blank\" rel=\"noreferrer noopener\">No hay Sosiego (Rima)<\/a><\/li>\n\n\n\n<li><a href=\"https:\/\/pedrocasiano.es\/?p=11794\" data-type=\"post\" data-id=\"11794\" target=\"_blank\" rel=\"noreferrer noopener\">Nac\u00ed en el Sur (Rima)<\/a><\/li>\n\n\n\n<li><a href=\"https:\/\/pedrocasiano.es\/?p=11801\" data-type=\"post\" data-id=\"11801\" target=\"_blank\" rel=\"noreferrer noopener\">Es una Noche Cualquiera (Rima)<\/a><\/li>\n\n\n\n<li><a href=\"https:\/\/pedrocasiano.es\/?p=11809\" data-type=\"post\" data-id=\"11809\" target=\"_blank\" rel=\"noreferrer noopener\">Sonrisas Tristes (Rima)<\/a><\/li>\n\n\n\n<li><a href=\"https:\/\/pedrocasiano.es\/?p=11817\" data-type=\"post\" data-id=\"11817\" target=\"_blank\" rel=\"noreferrer noopener\">Tiempos de Asco (Rima)<\/a><\/li>\n\n\n\n<li><a href=\"https:\/\/pedrocasiano.es\/?p=11824\" data-type=\"post\" data-id=\"11824\" target=\"_blank\" rel=\"noreferrer noopener\">Oyes Susurros (Rima)<\/a><\/li>\n<\/ul>\n\n\n\n<p><strong>Todos los Derechos Reservados<\/strong><\/p>\n\n\n\n<p><strong>\u201cEstas novelas, publicaciones y dem\u00e1s, son obras de ficci\u00f3n. Los nombres, personajes, lugares e incidentes son producto de la imaginaci\u00f3n del autor o son utilizados de manera ficticia. Cualquier parecido con personas, vivas o muertas, o sucesos reales es pura coincidencia.\u201d<\/strong><\/p>\n<\/div><\/div>\n","protected":false},"excerpt":{"rendered":"","protected":false},"author":1,"featured_media":0,"parent":0,"menu_order":0,"comment_status":"closed","ping_status":"closed","template":"","meta":{"inspiro_hide_title":false,"footnotes":""},"class_list":["post-11658","page","type-page","status-publish","hentry"],"featured_media_urls":[],"_links":{"self":[{"href":"https:\/\/pedrocasiano.es\/index.php?rest_route=\/wp\/v2\/pages\/11658","targetHints":{"allow":["GET"]}}],"collection":[{"href":"https:\/\/pedrocasiano.es\/index.php?rest_route=\/wp\/v2\/pages"}],"about":[{"href":"https:\/\/pedrocasiano.es\/index.php?rest_route=\/wp\/v2\/types\/page"}],"author":[{"embeddable":true,"href":"https:\/\/pedrocasiano.es\/index.php?rest_route=\/wp\/v2\/users\/1"}],"replies":[{"embeddable":true,"href":"https:\/\/pedrocasiano.es\/index.php?rest_route=%2Fwp%2Fv2%2Fcomments&post=11658"}],"version-history":[{"count":21,"href":"https:\/\/pedrocasiano.es\/index.php?rest_route=\/wp\/v2\/pages\/11658\/revisions"}],"predecessor-version":[{"id":16454,"href":"https:\/\/pedrocasiano.es\/index.php?rest_route=\/wp\/v2\/pages\/11658\/revisions\/16454"}],"wp:attachment":[{"href":"https:\/\/pedrocasiano.es\/index.php?rest_route=%2Fwp%2Fv2%2Fmedia&parent=11658"}],"curies":[{"name":"wp","href":"https:\/\/api.w.org\/{rel}","templated":true}]}}