{"id":11199,"date":"2024-09-27T04:52:56","date_gmt":"2024-09-27T04:52:56","guid":{"rendered":"https:\/\/pedrocasiano.es\/?page_id=11199"},"modified":"2026-03-31T10:34:59","modified_gmt":"2026-03-31T08:34:59","slug":"decima","status":"publish","type":"page","link":"https:\/\/pedrocasiano.es\/?page_id=11199","title":{"rendered":"D\u00e9cima"},"content":{"rendered":"\n<div class=\"wp-block-cover alignfull is-light has-custom-content-position is-position-top-left\" style=\"min-height:593px;aspect-ratio:unset;\"><img decoding=\"async\" width=\"1024\" height=\"574\" class=\"wp-block-cover__image-background wp-image-11200 lazyload\" alt=\"\" data-src=\"https:\/\/pedrocasiano.es\/wp-content\/uploads\/2024\/09\/woman-in-white-8156571peque.jpg\" data-object-fit=\"cover\" src=\"data:image\/svg+xml;base64,PHN2ZyB3aWR0aD0iMSIgaGVpZ2h0PSIxIiB4bWxucz0iaHR0cDovL3d3dy53My5vcmcvMjAwMC9zdmciPjwvc3ZnPg==\" style=\"--smush-placeholder-width: 1024px; --smush-placeholder-aspect-ratio: 1024\/574;\" \/><span aria-hidden=\"true\" class=\"wp-block-cover__background has-background-dim\" style=\"background-color:#aa916f\"><\/span><div class=\"wp-block-cover__inner-container has-global-padding is-layout-constrained wp-block-cover-is-layout-constrained\">\n<ul class=\"wp-block-list\">\n<li><a href=\"https:\/\/pedrocasiano.es\/?p=11203\" data-type=\"post\" data-id=\"11203\" target=\"_blank\" rel=\"noreferrer noopener\">Cansado (Rima)<\/a><\/li>\n\n\n\n<li><a href=\"https:\/\/pedrocasiano.es\/?p=11247\" data-type=\"post\" data-id=\"11247\" target=\"_blank\" rel=\"noreferrer noopener\">Donde Nacen los Sue\u00f1os (Rima)<\/a><\/li>\n\n\n\n<li><a href=\"https:\/\/pedrocasiano.es\/?p=11267\" data-type=\"post\" data-id=\"11267\" target=\"_blank\" rel=\"noreferrer noopener\">Latidos (Rima)<\/a><\/li>\n\n\n\n<li><a href=\"https:\/\/pedrocasiano.es\/?p=11272\" data-type=\"post\" data-id=\"11272\" target=\"_blank\" rel=\"noreferrer noopener\">Dioses Negros (Rima)<\/a><\/li>\n\n\n\n<li><a href=\"https:\/\/pedrocasiano.es\/?p=11278\" data-type=\"post\" data-id=\"11278\" target=\"_blank\" rel=\"noreferrer noopener\">Hoy el Alma se Queja (Rima)<\/a><\/li>\n\n\n\n<li><a href=\"https:\/\/pedrocasiano.es\/?p=11283\" data-type=\"post\" data-id=\"11283\" target=\"_blank\" rel=\"noreferrer noopener\">Historias que se Cuentan (Rima)<\/a><\/li>\n\n\n\n<li><a href=\"https:\/\/pedrocasiano.es\/?p=11288\" data-type=\"post\" data-id=\"11288\" target=\"_blank\" rel=\"noreferrer noopener\">Ladr\u00f3 el Perro (Rima)<\/a><\/li>\n\n\n\n<li><a href=\"https:\/\/pedrocasiano.es\/?p=11292\" data-type=\"post\" data-id=\"11292\" target=\"_blank\" rel=\"noreferrer noopener\">C\u00e1nticos en la Madrugada (Rima)<\/a><\/li>\n\n\n\n<li><a href=\"https:\/\/pedrocasiano.es\/?p=11297\" data-type=\"post\" data-id=\"11297\">Hijos del Aband<\/a><a href=\"https:\/\/pedrocasiano.es\/?p=11297\" data-type=\"post\" data-id=\"11297\" target=\"_blank\" rel=\"noreferrer noopener\">o<\/a><a href=\"https:\/\/pedrocasiano.es\/?p=11297\" data-type=\"post\" data-id=\"11297\">no (Rima)<\/a><\/li>\n\n\n\n<li><a href=\"https:\/\/pedrocasiano.es\/?p=11302\" data-type=\"post\" data-id=\"11302\" target=\"_blank\" rel=\"noreferrer noopener\">El Verano, la Noche (Rima)<\/a><\/li>\n\n\n\n<li><a href=\"https:\/\/pedrocasiano.es\/?p=11307\" data-type=\"post\" data-id=\"11307\" target=\"_blank\" rel=\"noreferrer noopener\">Calor (Rima)<\/a><\/li>\n\n\n\n<li><a href=\"https:\/\/pedrocasiano.es\/?p=11312\" data-type=\"post\" data-id=\"11312\" target=\"_blank\" rel=\"noreferrer noopener\">En la Incertidumbre (Rima)<\/a><\/li>\n\n\n\n<li><a href=\"https:\/\/pedrocasiano.es\/?p=11346\" data-type=\"post\" data-id=\"11346\" target=\"_blank\" rel=\"noreferrer noopener\">Hoy es Domingo (Rima)<\/a><\/li>\n\n\n\n<li><a href=\"https:\/\/pedrocasiano.es\/?p=11350\" data-type=\"post\" data-id=\"11350\" target=\"_blank\" rel=\"noreferrer noopener\">Trozos de Suelo (Rima)<\/a><\/li>\n\n\n\n<li><a href=\"https:\/\/pedrocasiano.es\/?p=11354\" data-type=\"post\" data-id=\"11354\" target=\"_blank\" rel=\"noreferrer noopener\">El Sol entre los Ca\u00f1averales (Rima)<\/a><\/li>\n\n\n\n<li><a href=\"https:\/\/pedrocasiano.es\/?p=11358\" data-type=\"post\" data-id=\"11358\" target=\"_blank\" rel=\"noreferrer noopener\">L\u00e1grimas de \u00c1ngel sobre la Ciudad (Rima)<\/a><\/li>\n\n\n\n<li><a href=\"https:\/\/pedrocasiano.es\/?p=11361\" data-type=\"post\" data-id=\"11361\" target=\"_blank\" rel=\"noreferrer noopener\">La Noche, qu\u00e9 Mala es la Noche (Rima)<\/a><\/li>\n\n\n\n<li><a href=\"https:\/\/pedrocasiano.es\/?p=11364\" data-type=\"post\" data-id=\"11364\" target=\"_blank\" rel=\"noreferrer noopener\">Almas en Soledad (Rima)<\/a><\/li>\n\n\n\n<li><a href=\"https:\/\/pedrocasiano.es\/?p=11367\" data-type=\"post\" data-id=\"11367\" target=\"_blank\" rel=\"noreferrer noopener\">So\u00f1\u00e9 de mi Patria un D\u00eda (Rima)<\/a><\/li>\n\n\n\n<li><a href=\"https:\/\/pedrocasiano.es\/?p=11370\" data-type=\"post\" data-id=\"11370\" target=\"_blank\" rel=\"noreferrer noopener\">Mares de Azul (Rima)<\/a><\/li>\n<\/ul>\n\n\n\n<p><strong>Todos los Derechos Reservados<\/strong><\/p>\n\n\n\n<p><strong>\u201cEstas novelas, publicaciones y dem\u00e1s, son obras de ficci\u00f3n. Los nombres, personajes, lugares e incidentes son producto de la imaginaci\u00f3n del autor o son utilizados de manera ficticia. Cualquier parecido con personas, vivas o muertas, o sucesos reales es pura coincidencia.\u201d<\/strong><\/p>\n<\/div><\/div>\n","protected":false},"excerpt":{"rendered":"","protected":false},"author":1,"featured_media":0,"parent":0,"menu_order":0,"comment_status":"closed","ping_status":"closed","template":"","meta":{"inspiro_hide_title":false,"footnotes":""},"class_list":["post-11199","page","type-page","status-publish","hentry"],"featured_media_urls":[],"_links":{"self":[{"href":"https:\/\/pedrocasiano.es\/index.php?rest_route=\/wp\/v2\/pages\/11199","targetHints":{"allow":["GET"]}}],"collection":[{"href":"https:\/\/pedrocasiano.es\/index.php?rest_route=\/wp\/v2\/pages"}],"about":[{"href":"https:\/\/pedrocasiano.es\/index.php?rest_route=\/wp\/v2\/types\/page"}],"author":[{"embeddable":true,"href":"https:\/\/pedrocasiano.es\/index.php?rest_route=\/wp\/v2\/users\/1"}],"replies":[{"embeddable":true,"href":"https:\/\/pedrocasiano.es\/index.php?rest_route=%2Fwp%2Fv2%2Fcomments&post=11199"}],"version-history":[{"count":23,"href":"https:\/\/pedrocasiano.es\/index.php?rest_route=\/wp\/v2\/pages\/11199\/revisions"}],"predecessor-version":[{"id":16452,"href":"https:\/\/pedrocasiano.es\/index.php?rest_route=\/wp\/v2\/pages\/11199\/revisions\/16452"}],"wp:attachment":[{"href":"https:\/\/pedrocasiano.es\/index.php?rest_route=%2Fwp%2Fv2%2Fmedia&parent=11199"}],"curies":[{"name":"wp","href":"https:\/\/api.w.org\/{rel}","templated":true}]}}