{"id":1062,"date":"2024-02-16T15:44:53","date_gmt":"2024-02-16T15:44:53","guid":{"rendered":"https:\/\/pedrocasiano.es\/?page_id=1062"},"modified":"2024-09-22T04:11:32","modified_gmt":"2024-09-22T04:11:32","slug":"en-los-picos-de-los-cuervos","status":"publish","type":"page","link":"https:\/\/pedrocasiano.es\/?page_id=1062","title":{"rendered":"En los Picos de los Cuervos"},"content":{"rendered":"\n<div class=\"wp-block-media-text is-stacked-on-mobile is-vertically-aligned-top\"><figure class=\"wp-block-media-text__media\"><img decoding=\"async\" width=\"1024\" height=\"960\" data-src=\"https:\/\/pedrocasiano.es\/wp-content\/uploads\/2024\/02\/image-24-1024x960.jpeg\" alt=\"No hay ninguna descripci\u00f3n de la foto disponible.\" class=\"wp-image-1063 size-full lazyload\" src=\"data:image\/svg+xml;base64,PHN2ZyB3aWR0aD0iMSIgaGVpZ2h0PSIxIiB4bWxucz0iaHR0cDovL3d3dy53My5vcmcvMjAwMC9zdmciPjwvc3ZnPg==\" style=\"--smush-placeholder-width: 1024px; --smush-placeholder-aspect-ratio: 1024\/960;\" \/><\/figure><div class=\"wp-block-media-text__content\">\n<p>En los Picos de los Cuervos<\/p>\n\n\n\n<p>Sobre la ciudad, en los picos<\/p>\n\n\n\n<p>Los cuervos llevan<\/p>\n\n\n\n<p>Las almas de los muertos<\/p>\n\n\n\n<p>De <a><\/a>los viejos ca\u00eddos<\/p>\n\n\n\n<p>Abandonados en sus pisos<\/p>\n\n\n\n<p>Dejados en casamatas, en asilos<\/p>\n\n\n\n<p>En toda clase, de agujeros perdidos<\/p>\n\n\n\n<p>Desaparecen en el aire<\/p>\n\n\n\n<p>Y se convierten en ceniza<\/p>\n\n\n\n<p>Mientras que los amados<\/p>\n\n\n\n<p>Esperan sin esperanza<\/p>\n\n\n\n<p>Que retornen,<\/p>\n\n\n\n<p>Solo tendr\u00e1n una urna sin nombre<\/p>\n\n\n\n<p>Pobres muertos solitarios<\/p>\n\n\n\n<p>Pobres padre de hijos<\/p>\n\n\n\n<p>Desdichados creadores<\/p>\n\n\n\n<p>Ahora, abandonados y solos<\/p>\n\n\n\n<p>Sin consuelo<\/p>\n\n\n\n<p>A morir como los perros<\/p>\n\n\n\n<p>Despu\u00e9s de haber dejado hasta los huesos<\/p>\n\n\n\n<p>Y no hay excusa que valga<\/p>\n\n\n\n<p>Ni Dios que lo permita<\/p>\n\n\n\n<p>Pero sucede, pasa<\/p>\n\n\n\n<p>Y no en un lejano pa\u00eds<\/p>\n\n\n\n<p>Ni en una perdida tierra<\/p>\n\n\n\n<p>Hoy han venido a por el<\/p>\n\n\n\n<p>Ma\u00f1ana, quiz\u00e1s por m\u00ed,<\/p>\n\n\n\n<p>O por alg\u00fan amigo,<\/p>\n\n\n\n<p>Todos con rasgo com\u00fan<\/p>\n\n\n\n<p>El haber vivido<\/p>\n\n\n\n<p>Como si no hubi\u00e9ramos vivido<\/p>\n\n\n\n<p>Pues para los dem\u00e1s lo hicimos.<\/p>\n<\/div><\/div>\n\n\n\n<p><\/p>\n","protected":false},"excerpt":{"rendered":"<p>En los Picos de los Cuervos Sobre la ciudad, en los picos Los cuervos llevan Las almas de los muertos De los viejos ca\u00eddos Abandonados en sus pisos Dejados en casamatas, en asilos En toda clase, de agujeros perdidos Desaparecen en el aire Y se convierten en ceniza Mientras que los amados Esperan sin esperanza &hellip; <\/p>\n<p class=\"link-more\"><a href=\"https:\/\/pedrocasiano.es\/?page_id=1062\" class=\"more-link\">Leer m\u00e1s<span class=\"screen-reader-text\"> \u00abEn los Picos de los Cuervos\u00bb<\/span><\/a><\/p>\n","protected":false},"author":1,"featured_media":0,"parent":0,"menu_order":0,"comment_status":"closed","ping_status":"closed","template":"","meta":{"inspiro_hide_title":false,"footnotes":""},"class_list":["post-1062","page","type-page","status-publish","hentry"],"featured_media_urls":[],"_links":{"self":[{"href":"https:\/\/pedrocasiano.es\/index.php?rest_route=\/wp\/v2\/pages\/1062","targetHints":{"allow":["GET"]}}],"collection":[{"href":"https:\/\/pedrocasiano.es\/index.php?rest_route=\/wp\/v2\/pages"}],"about":[{"href":"https:\/\/pedrocasiano.es\/index.php?rest_route=\/wp\/v2\/types\/page"}],"author":[{"embeddable":true,"href":"https:\/\/pedrocasiano.es\/index.php?rest_route=\/wp\/v2\/users\/1"}],"replies":[{"embeddable":true,"href":"https:\/\/pedrocasiano.es\/index.php?rest_route=%2Fwp%2Fv2%2Fcomments&post=1062"}],"version-history":[{"count":4,"href":"https:\/\/pedrocasiano.es\/index.php?rest_route=\/wp\/v2\/pages\/1062\/revisions"}],"predecessor-version":[{"id":10748,"href":"https:\/\/pedrocasiano.es\/index.php?rest_route=\/wp\/v2\/pages\/1062\/revisions\/10748"}],"wp:attachment":[{"href":"https:\/\/pedrocasiano.es\/index.php?rest_route=%2Fwp%2Fv2%2Fmedia&parent=1062"}],"curies":[{"name":"wp","href":"https:\/\/api.w.org\/{rel}","templated":true}]}}